{"id":17682,"date":"2024-10-06T18:27:38","date_gmt":"2024-10-06T16:27:38","guid":{"rendered":"https:\/\/9play.de\/shop\/produkt\/disney-frozen-regenschirm-die-eiskoenigin-winter-durchmesser-70cm-elsa-anna\/"},"modified":"2024-10-06T18:28:20","modified_gmt":"2024-10-06T16:28:20","slug":"disney-frozen-regenschirm-die-eiskoenigin-winter-durchmesser-70cm-elsa-anna","status":"publish","type":"product","link":"https:\/\/9play.de\/shop\/produkt\/disney-frozen-regenschirm-die-eiskoenigin-winter-durchmesser-70cm-elsa-anna\/","title":{"rendered":"Disney Frozen Regenschirm Die Eisk\u00f6nigin Winter Durchmesser 70cm Elsa Anna"},"content":{"rendered":"<p>Der Regenschirm mit Disney Frozen Motiv ist ein farbenfroher und praktischer Begleiter f\u00fcr regnerische Tage.<br \/>Er verf\u00fcgt \u00fcber ein sch\u00f6nes Design mit den beliebten Figuren Anna und Elsa aus dem Disney-Animationsfilm &#8222;Die Eisk\u00f6nigin&#8220;.<br \/>Der Schirm ist aus robustem Material gefertigt und bietet zuverl\u00e4ssigen Schutz vor Regen.<br \/>Mit einem Durchmesser von etwa 70 cm ist er gro\u00df genug, um eine Person gut zu sch\u00fctzen, aber auch leicht genug, um bequem getragen zu werden.<br \/>Der Griff des Regenschirms bietet einen angenehmen Halt.<br \/>Mit diesem Regenschirm im Disney Frozen Design wird der Spaziergang im Regen zum echten Erlebnis f\u00fcr alle Fans des Films.<\/p>\n<p>Inhalt: 1x Schirm<br \/>Altersempfehlung: ab 3 Jahre<br \/>Gr\u00f6\u00dfe: ca. L. 58 cm; \u00d8 70 cm<br \/>Material: Polyester<\/p>\n<p>Achtung: Nicht f\u00fcr Kinder unter 36 Monaten geeignet wegen verschluckbarer Kleinteile, Erstickungsgefahr.<\/p>\n","protected":false},"excerpt":{"rendered":"<p>Mit diesem Regenschirm im Disney Frozen Design wird der Spaziergang im Regen zum echten Erlebnis f\u00fcr alle Fans des Films.<\/p>\n","protected":false},"featured_media":17683,"comment_status":"closed","ping_status":"open","template":"","meta":[],"product_brand":[],"product_cat":[464],"product_tag":[],"class_list":{"0":"post-17682","1":"product","2":"type-product","3":"status-publish","4":"has-post-thumbnail","6":"product_cat-regenschirme","8":"first","9":"instock","10":"shipping-taxable","11":"purchasable","12":"product-type-simple"},"_links":{"self":[{"href":"https:\/\/9play.de\/shop\/wp-json\/wp\/v2\/product\/17682","targetHints":{"allow":["GET"]}}],"collection":[{"href":"https:\/\/9play.de\/shop\/wp-json\/wp\/v2\/product"}],"about":[{"href":"https:\/\/9play.de\/shop\/wp-json\/wp\/v2\/types\/product"}],"replies":[{"embeddable":true,"href":"https:\/\/9play.de\/shop\/wp-json\/wp\/v2\/comments?post=17682"}],"wp:featuredmedia":[{"embeddable":true,"href":"https:\/\/9play.de\/shop\/wp-json\/wp\/v2\/media\/17683"}],"wp:attachment":[{"href":"https:\/\/9play.de\/shop\/wp-json\/wp\/v2\/media?parent=17682"}],"wp:term":[{"taxonomy":"product_brand","embeddable":true,"href":"https:\/\/9play.de\/shop\/wp-json\/wp\/v2\/product_brand?post=17682"},{"taxonomy":"product_cat","embeddable":true,"href":"https:\/\/9play.de\/shop\/wp-json\/wp\/v2\/product_cat?post=17682"},{"taxonomy":"product_tag","embeddable":true,"href":"https:\/\/9play.de\/shop\/wp-json\/wp\/v2\/product_tag?post=17682"}],"curies":[{"name":"wp","href":"https:\/\/api.w.org\/{rel}","templated":true}]}}