{"id":17686,"date":"2024-10-06T18:28:24","date_gmt":"2024-10-06T16:28:24","guid":{"rendered":"https:\/\/9play.de\/shop\/produkt\/disney-frozen-regenschirm-die-eiskoenigin-herbst-durchmesser-85cm-elsa-anna\/"},"modified":"2024-10-06T18:28:24","modified_gmt":"2024-10-06T16:28:24","slug":"disney-frozen-regenschirm-die-eiskoenigin-herbst-durchmesser-85cm-elsa-anna","status":"publish","type":"product","link":"https:\/\/9play.de\/shop\/produkt\/disney-frozen-regenschirm-die-eiskoenigin-herbst-durchmesser-85cm-elsa-anna\/","title":{"rendered":"Disney Frozen Regenschirm Die Eisk\u00f6nigin Herbst Durchmesser 85cm Elsa Anna"},"content":{"rendered":"<p>Der Disney Frozen Regenschirm ist ein stilvoller Regenschutz mit einem herbstlichen Hintergrundmotiv, das Anna und Elsa aus dem beliebten Disney-Film &#8222;Frozen&#8220; zeigt.<br \/>Dieser Schirm eignet sich ideal f\u00fcr regnerische Tage und h\u00e4lt Sie dank seines zuverl\u00e4ssigen Schutzes trocken.<br \/>Mit einem praktischen Griff l\u00e4sst sich der Schirm bequem bedienen und ist perfekt f\u00fcr unterwegs geeignet.<br \/>Das h\u00fcbsche Design mit den Bildern von Anna und Elsa macht den Schirm zu einem perfekten Geschenk f\u00fcr Fans des Films.<\/p>\n<p>Inhalt: 1x Schirm (automatischen \u00d6ffnung)&nbsp;<br \/>Altersempfehlung: ab 3 Jahre<br \/>Gr\u00f6\u00dfe: ca. L.67 cm&nbsp;\u00d8 85 cm<br \/>Material: Polyester<\/p>\n<p>Achtung: Nicht f\u00fcr Kinder unter 36 Monaten geeignet wegen verschluckbarer Kleinteile, Erstickungsgefahr.<\/p>\n","protected":false},"excerpt":{"rendered":"<p>Der Disney Frozen Regenschirm ist ein stilvoller Regenschutz mit einem herbstlichen Hintergrundmotiv, das Anna und Elsa aus dem beliebten Disney-Film &#8222;Frozen&#8220; zeigt.<\/p>\n","protected":false},"featured_media":17687,"comment_status":"closed","ping_status":"open","template":"","meta":[],"product_brand":[],"product_cat":[464],"product_tag":[],"class_list":{"0":"post-17686","1":"product","2":"type-product","3":"status-publish","4":"has-post-thumbnail","6":"product_cat-regenschirme","8":"first","9":"instock","10":"shipping-taxable","11":"purchasable","12":"product-type-simple"},"_links":{"self":[{"href":"https:\/\/9play.de\/shop\/wp-json\/wp\/v2\/product\/17686","targetHints":{"allow":["GET"]}}],"collection":[{"href":"https:\/\/9play.de\/shop\/wp-json\/wp\/v2\/product"}],"about":[{"href":"https:\/\/9play.de\/shop\/wp-json\/wp\/v2\/types\/product"}],"replies":[{"embeddable":true,"href":"https:\/\/9play.de\/shop\/wp-json\/wp\/v2\/comments?post=17686"}],"wp:featuredmedia":[{"embeddable":true,"href":"https:\/\/9play.de\/shop\/wp-json\/wp\/v2\/media\/17687"}],"wp:attachment":[{"href":"https:\/\/9play.de\/shop\/wp-json\/wp\/v2\/media?parent=17686"}],"wp:term":[{"taxonomy":"product_brand","embeddable":true,"href":"https:\/\/9play.de\/shop\/wp-json\/wp\/v2\/product_brand?post=17686"},{"taxonomy":"product_cat","embeddable":true,"href":"https:\/\/9play.de\/shop\/wp-json\/wp\/v2\/product_cat?post=17686"},{"taxonomy":"product_tag","embeddable":true,"href":"https:\/\/9play.de\/shop\/wp-json\/wp\/v2\/product_tag?post=17686"}],"curies":[{"name":"wp","href":"https:\/\/api.w.org\/{rel}","templated":true}]}}