{"id":17717,"date":"2024-10-06T18:28:24","date_gmt":"2024-10-06T16:28:24","guid":{"rendered":"https:\/\/9play.de\/shop\/produkt\/brotdose-mit-4-faechern-und-einem-wald-motiv\/"},"modified":"2024-10-06T18:28:40","modified_gmt":"2024-10-06T16:28:40","slug":"brotdose-mit-4-faechern-und-einem-wald-motiv","status":"publish","type":"product","link":"https:\/\/9play.de\/shop\/produkt\/brotdose-mit-4-faechern-und-einem-wald-motiv\/","title":{"rendered":"Brotdose mit 4 F\u00e4chern und einem Wald Motiv"},"content":{"rendered":"<p>Die Brotdose ist mit einem wundersch\u00f6nen Waldmotiv verziert, das einen Fuchs, Affen, Cham\u00e4leon und Hirsch zeigt.<br \/>Sie verf\u00fcgt \u00fcber vier F\u00e4cher, um verschiedene Lebensmittel getrennt voneinander aufzubewahren und ist ideal f\u00fcr die Aufbewahrung von Snacks oder Mittagessen unterwegs.<br \/>Die Brotdose ist robust und leicht zu reinigen, sodass sie ideal f\u00fcr Kinder und Erwachsene gleicherma\u00dfen ist.<br \/>Mit dieser praktischen und h\u00fcbschen Brotdose k\u00f6nnen Sie Ihre Mahlzeiten stilvoll und organisiert transportieren.<\/p>\n<p>Inhalt: 1x Brotdose<br \/>Altersempfehlung: ab 3 Jahre<br \/>Gr\u00f6\u00dfe: ca. 14 x 14 x 8 cm<br \/>Material: Kunststoff<\/p>\n<p>Achtung: Nicht f\u00fcr Kinder unter 36 Monaten geeignet wegen verschluckbarer Kleinteile, Erstickungsgefahr.<\/p>\n","protected":false},"excerpt":{"rendered":"<p>Die Box verf\u00fcgt \u00fcber vier F\u00e4cher, um verschiedene Lebensmittel getrennt voneinander aufzubewahren und ist ideal f\u00fcr die Aufbewahrung von Snacks oder Mittagessen unterwegs.<\/p>\n","protected":false},"featured_media":17718,"comment_status":"closed","ping_status":"open","template":"","meta":[],"product_brand":[],"product_cat":[463],"product_tag":[],"class_list":{"0":"post-17717","1":"product","2":"type-product","3":"status-publish","4":"has-post-thumbnail","6":"product_cat-brotdosen","8":"first","9":"instock","10":"shipping-taxable","11":"purchasable","12":"product-type-simple"},"_links":{"self":[{"href":"https:\/\/9play.de\/shop\/wp-json\/wp\/v2\/product\/17717","targetHints":{"allow":["GET"]}}],"collection":[{"href":"https:\/\/9play.de\/shop\/wp-json\/wp\/v2\/product"}],"about":[{"href":"https:\/\/9play.de\/shop\/wp-json\/wp\/v2\/types\/product"}],"replies":[{"embeddable":true,"href":"https:\/\/9play.de\/shop\/wp-json\/wp\/v2\/comments?post=17717"}],"wp:featuredmedia":[{"embeddable":true,"href":"https:\/\/9play.de\/shop\/wp-json\/wp\/v2\/media\/17718"}],"wp:attachment":[{"href":"https:\/\/9play.de\/shop\/wp-json\/wp\/v2\/media?parent=17717"}],"wp:term":[{"taxonomy":"product_brand","embeddable":true,"href":"https:\/\/9play.de\/shop\/wp-json\/wp\/v2\/product_brand?post=17717"},{"taxonomy":"product_cat","embeddable":true,"href":"https:\/\/9play.de\/shop\/wp-json\/wp\/v2\/product_cat?post=17717"},{"taxonomy":"product_tag","embeddable":true,"href":"https:\/\/9play.de\/shop\/wp-json\/wp\/v2\/product_tag?post=17717"}],"curies":[{"name":"wp","href":"https:\/\/api.w.org\/{rel}","templated":true}]}}