{"id":17727,"date":"2024-10-06T18:28:24","date_gmt":"2024-10-06T16:28:24","guid":{"rendered":"https:\/\/9play.de\/shop\/produkt\/rucksack-mit-lustigen-dinosaurier-motiv\/"},"modified":"2024-10-06T18:28:44","modified_gmt":"2024-10-06T16:28:44","slug":"rucksack-mit-lustigen-dinosaurier-motiv","status":"publish","type":"product","link":"https:\/\/9play.de\/shop\/produkt\/rucksack-mit-lustigen-dinosaurier-motiv\/","title":{"rendered":"Rucksack mit lustigen Dinosaurier Motiv"},"content":{"rendered":"<p>Suchst du nach einem coolen Rucksack f\u00fcr deine Abenteuer? Dann k\u00f6nnte unser Rucksack mit Dinosaurier Motiv genau das Richtige f\u00fcr dich sein!<br \/>Mit diesem Rucksack bist du nicht nur super stylish unterwegs, sondern auch bestens ausgestattet:<br \/>Das robuste Material h\u00e4lt allen Belastungen stand und bietet ausreichend Platz f\u00fcr alles, was du f\u00fcr dein Abenteuer brauchst.<br \/>Ob f\u00fcr den Ausflug ins Gr\u00fcne oder f\u00fcr den n\u00e4chsten Urlaub &#8211; der Rucksack ist dein zuverl\u00e4ssiger Begleiter!<br \/>Und das Beste: Das Dinosaurier Motiv auf der Vorderseite macht deinen Rucksack zu einem echten Hingucker und wird neidische Blicke auf sich ziehen.&nbsp;<\/p>\n<p>Inhalt: 1x Rucksack<br \/>Altersempfehlung: ab 3 Jahre<br \/>Gr\u00f6\u00dfe: ca. 25 cm<br \/>Material: Neopren<\/p>\n<p>Achtung: Nicht f\u00fcr Kinder unter 36 Monaten geeignet wegen verschluckbarer Kleinteile, Erstickungsgefahr.<br \/>Achtung: Strangulationsgefahr durch lange Seile.<\/p>\n","protected":false},"excerpt":{"rendered":"<p>Das Dinosaurier Motiv auf der Vorderseite macht deinen Rucksack zu einem echten Hingucker und wird neidische Blicke auf sich ziehen.<\/p>\n","protected":false},"featured_media":17728,"comment_status":"closed","ping_status":"open","template":"","meta":[],"product_brand":[],"product_cat":[465],"product_tag":[],"class_list":{"0":"post-17727","1":"product","2":"type-product","3":"status-publish","4":"has-post-thumbnail","6":"product_cat-rucksaecke-taschen","8":"first","9":"instock","10":"shipping-taxable","11":"purchasable","12":"product-type-simple"},"_links":{"self":[{"href":"https:\/\/9play.de\/shop\/wp-json\/wp\/v2\/product\/17727","targetHints":{"allow":["GET"]}}],"collection":[{"href":"https:\/\/9play.de\/shop\/wp-json\/wp\/v2\/product"}],"about":[{"href":"https:\/\/9play.de\/shop\/wp-json\/wp\/v2\/types\/product"}],"replies":[{"embeddable":true,"href":"https:\/\/9play.de\/shop\/wp-json\/wp\/v2\/comments?post=17727"}],"wp:featuredmedia":[{"embeddable":true,"href":"https:\/\/9play.de\/shop\/wp-json\/wp\/v2\/media\/17728"}],"wp:attachment":[{"href":"https:\/\/9play.de\/shop\/wp-json\/wp\/v2\/media?parent=17727"}],"wp:term":[{"taxonomy":"product_brand","embeddable":true,"href":"https:\/\/9play.de\/shop\/wp-json\/wp\/v2\/product_brand?post=17727"},{"taxonomy":"product_cat","embeddable":true,"href":"https:\/\/9play.de\/shop\/wp-json\/wp\/v2\/product_cat?post=17727"},{"taxonomy":"product_tag","embeddable":true,"href":"https:\/\/9play.de\/shop\/wp-json\/wp\/v2\/product_tag?post=17727"}],"curies":[{"name":"wp","href":"https:\/\/api.w.org\/{rel}","templated":true}]}}