{"id":17769,"date":"2024-10-06T18:28:53","date_gmt":"2024-10-06T16:28:53","guid":{"rendered":"https:\/\/9play.de\/shop\/produkt\/minecraft-trinkflasche-mit-creeper-skeleton-enderman-zombie-koepfen\/"},"modified":"2024-10-06T18:29:09","modified_gmt":"2024-10-06T16:29:09","slug":"minecraft-trinkflasche-mit-creeper-skeleton-enderman-zombie-koepfen","status":"publish","type":"product","link":"https:\/\/9play.de\/shop\/produkt\/minecraft-trinkflasche-mit-creeper-skeleton-enderman-zombie-koepfen\/","title":{"rendered":"Minecraft Trinkflasche mit Creeper Skeleton Enderman Zombie K\u00f6pfen"},"content":{"rendered":"<p>Die Minecraft-Trinkflasche f\u00fcr Kinder ist die perfekte Wahl f\u00fcr Minecraft-Fans, die auch unterwegs hydratisiert bleiben wollen.<br \/>Hergestellt aus 100% ungiftigem Material, bietet diese Flasche ein sicheres Trinkerlebnis f\u00fcr Kinder.<br \/>Das haltbare Kunststoffmaterial ist geruchsfrei und geschmacksneutral, so dass es keine unangenehmen Geschm\u00e4cker oder Ger\u00fcche hinterl\u00e4sst.<br \/>Mit einem einfach zu \u00f6ffnenden Design ist diese Trinkflasche f\u00fcr Kinder ideal f\u00fcr unterwegs, Schule oder Sport.<br \/>Sie hat eine Kapazit\u00e4t von bis zu 450 ml, so dass sie ausreichend Fl\u00fcssigkeit f\u00fcr den ganzen Tag bietet. Au\u00dferdem ist sie gefrierschranktauglich, so dass Sie sie jederzeit kalt halten k\u00f6nnen.<br \/>Wenn Sie nach einer sicheren und zuverl\u00e4ssigen Trinkflasche f\u00fcr Ihr Kind suchen, die auch noch cool aussieht, ist diese Minecraft-Trinkflasche die perfekte Wahl.<\/p>\n<p>Inhalt: 1x Trinkflasche<br \/>Altersempfehlung: ab 3 Jahre<br \/>Gr\u00f6\u00dfe: ca. 450ml<br \/>Material: Kunststoff<br \/>Achtung: Nicht f\u00fcr Kinder unter 36 Monaten geeignet wegen verschluckbarer Kleinteile, Erstickungsgefahr.<\/p>\n","protected":false},"excerpt":{"rendered":"<p>Wenn Sie nach einer sicheren und zuverl\u00e4ssigen Trinkflasche f\u00fcr Ihr Kind suchen, die auch noch cool aussieht, ist diese Minecraft-Trinkflasche die perfekte Wahl<\/p>\n","protected":false},"featured_media":17770,"comment_status":"closed","ping_status":"open","template":"","meta":[],"product_brand":[],"product_cat":[507],"product_tag":[],"class_list":{"0":"post-17769","1":"product","2":"type-product","3":"status-publish","4":"has-post-thumbnail","6":"product_cat-trinkflaschen","8":"first","9":"instock","10":"shipping-taxable","11":"purchasable","12":"product-type-simple"},"_links":{"self":[{"href":"https:\/\/9play.de\/shop\/wp-json\/wp\/v2\/product\/17769","targetHints":{"allow":["GET"]}}],"collection":[{"href":"https:\/\/9play.de\/shop\/wp-json\/wp\/v2\/product"}],"about":[{"href":"https:\/\/9play.de\/shop\/wp-json\/wp\/v2\/types\/product"}],"replies":[{"embeddable":true,"href":"https:\/\/9play.de\/shop\/wp-json\/wp\/v2\/comments?post=17769"}],"wp:featuredmedia":[{"embeddable":true,"href":"https:\/\/9play.de\/shop\/wp-json\/wp\/v2\/media\/17770"}],"wp:attachment":[{"href":"https:\/\/9play.de\/shop\/wp-json\/wp\/v2\/media?parent=17769"}],"wp:term":[{"taxonomy":"product_brand","embeddable":true,"href":"https:\/\/9play.de\/shop\/wp-json\/wp\/v2\/product_brand?post=17769"},{"taxonomy":"product_cat","embeddable":true,"href":"https:\/\/9play.de\/shop\/wp-json\/wp\/v2\/product_cat?post=17769"},{"taxonomy":"product_tag","embeddable":true,"href":"https:\/\/9play.de\/shop\/wp-json\/wp\/v2\/product_tag?post=17769"}],"curies":[{"name":"wp","href":"https:\/\/api.w.org\/{rel}","templated":true}]}}