{"id":17812,"date":"2024-10-06T18:29:24","date_gmt":"2024-10-06T16:29:24","guid":{"rendered":"https:\/\/9play.de\/shop\/produkt\/paw-patrol-chase-skye-regenschirm-durchmesser-85cm\/"},"modified":"2024-10-06T18:29:33","modified_gmt":"2024-10-06T16:29:33","slug":"paw-patrol-chase-skye-regenschirm-durchmesser-85cm","status":"publish","type":"product","link":"https:\/\/9play.de\/shop\/produkt\/paw-patrol-chase-skye-regenschirm-durchmesser-85cm\/","title":{"rendered":"Paw Patrol Chase Skye Regenschirm Durchmesser 85cm"},"content":{"rendered":"<p>Dieser Kinder Regenschirm ist ein Must-Have f\u00fcr alle kleinen Fans der beliebten Paw Patrol Serie.<br \/>Mit den Charakteren Chase und Skye darauf gedruckt, ist der Regenschirm ein echter Hingucker und wird die Kinder begeistern.<br \/>Der Regenschirm ist in kinderfreundlicher Gr\u00f6\u00dfe und besteht aus hochwertigem Material, das robust und langlebig ist.<br \/>Das Paw Patrol Motiv ist bunt und lebhaft und wird jedes Kind dazu ermutigen, den Regenschirm bei schlechtem Wetter zu benutzen.<br \/>Der Griff ist so geformt, dass die Kinder den Regenschirm bequem halten k\u00f6nnen.<br \/>Der Kinder Regenschirm mit Paw Patrol Motiv Charaktere Chase und Skye ist ein ideales Geschenk f\u00fcr kleine Fans der Serie, die ihre Helden bei jedem Wetter bei sich haben wollen.&nbsp;<\/p>\n<p>Inhalt: 1x Schirm&nbsp;(automatischen \u00d6ffnung)<br \/>Altersempfehlung: ab 3 Jahre<br \/>Gr\u00f6\u00dfe: ca. L. 67 cm; \u00d8 85 cm<br \/>Material: Polyester<\/p>\n<p>Achtung: Nicht f\u00fcr Kinder unter 36 Monaten geeignet wegen verschluckbarer Kleinteile, Erstickungsgefahr.<\/p>\n","protected":false},"excerpt":{"rendered":"<p>Der Kinder Regenschirm mit Paw Patrol Motiv Charaktere Chase und Skye ist ein ideales Geschenk f\u00fcr kleine Fans der Serie, die ihre Helden bei jedem Wetter bei sich haben wollen.<\/p>\n","protected":false},"featured_media":17813,"comment_status":"closed","ping_status":"open","template":"","meta":[],"product_brand":[],"product_cat":[464],"product_tag":[],"class_list":{"0":"post-17812","1":"product","2":"type-product","3":"status-publish","4":"has-post-thumbnail","6":"product_cat-regenschirme","8":"first","9":"instock","10":"shipping-taxable","11":"purchasable","12":"product-type-simple"},"_links":{"self":[{"href":"https:\/\/9play.de\/shop\/wp-json\/wp\/v2\/product\/17812","targetHints":{"allow":["GET"]}}],"collection":[{"href":"https:\/\/9play.de\/shop\/wp-json\/wp\/v2\/product"}],"about":[{"href":"https:\/\/9play.de\/shop\/wp-json\/wp\/v2\/types\/product"}],"replies":[{"embeddable":true,"href":"https:\/\/9play.de\/shop\/wp-json\/wp\/v2\/comments?post=17812"}],"wp:featuredmedia":[{"embeddable":true,"href":"https:\/\/9play.de\/shop\/wp-json\/wp\/v2\/media\/17813"}],"wp:attachment":[{"href":"https:\/\/9play.de\/shop\/wp-json\/wp\/v2\/media?parent=17812"}],"wp:term":[{"taxonomy":"product_brand","embeddable":true,"href":"https:\/\/9play.de\/shop\/wp-json\/wp\/v2\/product_brand?post=17812"},{"taxonomy":"product_cat","embeddable":true,"href":"https:\/\/9play.de\/shop\/wp-json\/wp\/v2\/product_cat?post=17812"},{"taxonomy":"product_tag","embeddable":true,"href":"https:\/\/9play.de\/shop\/wp-json\/wp\/v2\/product_tag?post=17812"}],"curies":[{"name":"wp","href":"https:\/\/api.w.org\/{rel}","templated":true}]}}