{"id":17828,"date":"2024-10-06T18:29:24","date_gmt":"2024-10-06T16:29:24","guid":{"rendered":"https:\/\/9play.de\/shop\/produkt\/peppa-wutz-trinkflasche-mit-einem-tragegurt\/"},"modified":"2024-10-06T18:29:41","modified_gmt":"2024-10-06T16:29:41","slug":"peppa-wutz-trinkflasche-mit-einem-tragegurt","status":"publish","type":"product","link":"https:\/\/9play.de\/shop\/produkt\/peppa-wutz-trinkflasche-mit-einem-tragegurt\/","title":{"rendered":"Peppa Wutz Trinkflasche mit einem Tragegurt"},"content":{"rendered":"<p>Die Kinder Trinkflasche mit einem Fassungsverm\u00f6gen von 500ml ist die perfekte Begleitung f\u00fcr aktive Kinder, die unterwegs hydratisiert bleiben m\u00f6chten.<br \/>Ausgestattet mit einem praktischen Tragegurt, l\u00e4sst sich die Flasche leicht transportieren und eignet sich somit ideal f\u00fcr Schule, Sport oder Ausfl\u00fcge.<br \/>Das niedliche Peppa Wutz Motiv auf der Flasche macht sie zu einem echten Hingucker bei Kindern.<br \/>Die Trinkflasche besteht aus robustem und langlebigem Material.&nbsp;<br \/>Mit einem auslaufsicheren Verschluss und einer gro\u00dfen \u00d6ffnung zum einfachen Bef\u00fcllen und Reinigen, ist die Trinkflasche einfach zu handhaben und garantiert ein angenehmes Trinkerlebnis f\u00fcr Kinder.<\/p>\n<p>Inhalt: 1x Flasche<br \/>Altersempfehlung: ab 3 Jahre<br \/>Gr\u00f6\u00dfe: ca. 500ml<br \/>Material: Kunststoff<\/p>\n<p>Achtung: Nicht f\u00fcr Kinder unter 36 Monaten geeignet wegen verschluckbarer Kleinteile, Erstickungsgefahr.<br \/>Achtung: Strangulationsgefahr durch lange Seile.<\/p>\n","protected":false},"excerpt":{"rendered":"<p>Ausgestattet mit einem praktischen Tragegurt, l\u00e4sst sich die Flasche leicht transportieren und eignet sich somit ideal f\u00fcr Schule, Sport oder Ausfl\u00fcge.<\/p>\n","protected":false},"featured_media":17829,"comment_status":"closed","ping_status":"open","template":"","meta":[],"product_brand":[],"product_cat":[507],"product_tag":[],"class_list":{"0":"post-17828","1":"product","2":"type-product","3":"status-publish","4":"has-post-thumbnail","6":"product_cat-trinkflaschen","8":"first","9":"instock","10":"shipping-taxable","11":"purchasable","12":"product-type-simple"},"_links":{"self":[{"href":"https:\/\/9play.de\/shop\/wp-json\/wp\/v2\/product\/17828","targetHints":{"allow":["GET"]}}],"collection":[{"href":"https:\/\/9play.de\/shop\/wp-json\/wp\/v2\/product"}],"about":[{"href":"https:\/\/9play.de\/shop\/wp-json\/wp\/v2\/types\/product"}],"replies":[{"embeddable":true,"href":"https:\/\/9play.de\/shop\/wp-json\/wp\/v2\/comments?post=17828"}],"wp:featuredmedia":[{"embeddable":true,"href":"https:\/\/9play.de\/shop\/wp-json\/wp\/v2\/media\/17829"}],"wp:attachment":[{"href":"https:\/\/9play.de\/shop\/wp-json\/wp\/v2\/media?parent=17828"}],"wp:term":[{"taxonomy":"product_brand","embeddable":true,"href":"https:\/\/9play.de\/shop\/wp-json\/wp\/v2\/product_brand?post=17828"},{"taxonomy":"product_cat","embeddable":true,"href":"https:\/\/9play.de\/shop\/wp-json\/wp\/v2\/product_cat?post=17828"},{"taxonomy":"product_tag","embeddable":true,"href":"https:\/\/9play.de\/shop\/wp-json\/wp\/v2\/product_tag?post=17828"}],"curies":[{"name":"wp","href":"https:\/\/api.w.org\/{rel}","templated":true}]}}