{"id":17847,"date":"2024-10-06T18:29:24","date_gmt":"2024-10-06T16:29:24","guid":{"rendered":"https:\/\/9play.de\/shop\/produkt\/peppa-wutz-5-rasseln-und-beissringe\/"},"modified":"2024-10-06T18:29:53","modified_gmt":"2024-10-06T16:29:53","slug":"peppa-wutz-5-rasseln-und-beissringe","status":"publish","type":"product","link":"https:\/\/9play.de\/shop\/produkt\/peppa-wutz-5-rasseln-und-beissringe\/","title":{"rendered":"Peppa Wutz 5 Rasseln und Bei\u00dfringe"},"content":{"rendered":"<p>Dieses Set von f\u00fcnf Rasseln und Bei\u00dfern ist perfekt f\u00fcr Kleinkinder geeignet und wird ihnen eine tolle Zeit bereiten, w\u00e4hrend es gleichzeitig ihre Sinne stimuliert.<br \/>Mit verschiedenen Formen, Texturen und Ger\u00e4uschen wird es dazu beitragen, ihre motorischen und kognitiven F\u00e4higkeiten zu entwickeln.<br \/>Es wird ihre Ber\u00fchrungs-, Seh- und H\u00f6rsinne ansprechen und gleichzeitig dank der enthaltenen Bei\u00dfringe Schmerzen w\u00e4hrend des Zahnwachstums lindern.<\/p>\n<p>Inhalt: 5x Rasseln<br \/>Altersempfehlung: ab 0 Monate<br \/>Verpackung: ca. 35 x 25 x 5 cm<br \/>Material: Kunststoff<\/p>\n<p>Achtung: Benutzung unter unmittelbarer Aufsicht von Erwachsenen.<\/p>\n","protected":false},"excerpt":{"rendered":"<p>Mit verschiedenen Formen, Texturen und Ger\u00e4uschen wird es dazu beitragen, die motorischen und kognitiven F\u00e4higkeiten der Kinder zu entwickeln.<\/p>\n","protected":false},"featured_media":17848,"comment_status":"closed","ping_status":"open","template":"","meta":[],"product_brand":[],"product_cat":[462],"product_tag":[],"class_list":{"0":"post-17847","1":"product","2":"type-product","3":"status-publish","4":"has-post-thumbnail","6":"product_cat-rasseln-greiflinge","8":"first","9":"instock","10":"shipping-taxable","11":"purchasable","12":"product-type-simple"},"_links":{"self":[{"href":"https:\/\/9play.de\/shop\/wp-json\/wp\/v2\/product\/17847","targetHints":{"allow":["GET"]}}],"collection":[{"href":"https:\/\/9play.de\/shop\/wp-json\/wp\/v2\/product"}],"about":[{"href":"https:\/\/9play.de\/shop\/wp-json\/wp\/v2\/types\/product"}],"replies":[{"embeddable":true,"href":"https:\/\/9play.de\/shop\/wp-json\/wp\/v2\/comments?post=17847"}],"wp:featuredmedia":[{"embeddable":true,"href":"https:\/\/9play.de\/shop\/wp-json\/wp\/v2\/media\/17848"}],"wp:attachment":[{"href":"https:\/\/9play.de\/shop\/wp-json\/wp\/v2\/media?parent=17847"}],"wp:term":[{"taxonomy":"product_brand","embeddable":true,"href":"https:\/\/9play.de\/shop\/wp-json\/wp\/v2\/product_brand?post=17847"},{"taxonomy":"product_cat","embeddable":true,"href":"https:\/\/9play.de\/shop\/wp-json\/wp\/v2\/product_cat?post=17847"},{"taxonomy":"product_tag","embeddable":true,"href":"https:\/\/9play.de\/shop\/wp-json\/wp\/v2\/product_tag?post=17847"}],"curies":[{"name":"wp","href":"https:\/\/api.w.org\/{rel}","templated":true}]}}