{"id":17858,"date":"2024-10-06T18:29:24","date_gmt":"2024-10-06T16:29:24","guid":{"rendered":"https:\/\/9play.de\/shop\/produkt\/peppa-wutz-baby-rasselball\/"},"modified":"2024-10-06T18:30:01","modified_gmt":"2024-10-06T16:30:01","slug":"peppa-wutz-baby-rasselball","status":"publish","type":"product","link":"https:\/\/9play.de\/shop\/produkt\/peppa-wutz-baby-rasselball\/","title":{"rendered":"Peppa Wutz Baby Rasselball"},"content":{"rendered":"<p>Dieser Rasselball mit Peppa Wutz Motiv ist ein wunderbares Spielzeug f\u00fcr Ihr Baby.<br \/>Mit seiner lebendigen Farbgestaltung und dem sanften Rasseln ist es ideal f\u00fcr die Stimulation der Sinne und F\u00e4higkeiten Ihres Babys.<br \/>Es f\u00f6rdert die visuelle Wahrnehmung und das Verst\u00e4ndnis f\u00fcr Formen und Farben, w\u00e4hrend es gleichzeitig die Hand-Augen-Koordination verbessert.<br \/>Das Peppa Pig Motiv wird sicherlich die Aufmerksamkeit Ihres Babys auf sich ziehen und f\u00fcr Freude und Unterhaltung sorgen.<br \/>Der Rasselball ist aus hochwertigen Materialien gefertigt, die f\u00fcr die Sicherheit Ihres Babys sorgen und robust genug sind, um den Anforderungen des t\u00e4glichen Spielens standzuhalten.&nbsp;<\/p>\n<p>Inhalt: 1x Rassel-Ball<br \/>Altersempfehlung: ab 0 Monate<br \/>Gr\u00f6\u00dfe: ca. \u00d8 10 cm<br \/>Material: Kunststoff<br \/>Stromversorgung: Batterie ist im Leibesumfang enthalten<\/p>\n<p>Achtung: Benutzung unter unmittelbarer Aufsicht von Erwachsenen.<\/p>\n<p>Hinweis zur Entsorgung von Altbatterien<\/p>\n<p>Der nachfolgende Hinweis richtet sich an diejenigen, die Batterien oder Produkte mit eingebauten Batterien nutzen und in der an sie gelieferten Form nicht mehr weiterver\u00e4u\u00dfern (Endnutzer):<\/p>\n<p>1. Unentgeltliche R\u00fccknahme von Altbatterien<\/p>\n<p>Batterien d\u00fcrfen nicht \u00fcber den Hausm\u00fcll entsorgt werden. Sie sind zur R\u00fcckgabe von Altbatterien gesetzlich verpflichtet, damit eine fachgerechte Entsorgung gew\u00e4hrleistet werden kann. Sie k\u00f6nnen Altbatterien an einer kommunalen Sammelstelle oder im Handel vor Ort abgeben. Auch wir sind als Vertreiber von Batterien zur R\u00fccknahme von Altbatterien verpflichtet, wobei sich unsere R\u00fccknahmeverpflichtung auf Altbatterien der Art beschr\u00e4nkt, die wir als Neubatterien in unserem Sortiment f\u00fchren oder gef\u00fchrt haben. Altbatterien vorgenannter Art k\u00f6nnen Sie daher entweder ausreichend frankiert an uns zur\u00fccksenden oder sie direkt an unserem Versandlager unter der im Impressum genannten Adresse unentgeltlich abgeben.<\/p>\n<p>2. Bedeutung der Batteriesymbole<\/p>\n<p>Batterien sind mit dem Symbol einer durchgekreuzten M\u00fclltonne gekennzeichnet. Dieses Symbol weist darauf hin, dass Batterien nicht in den Hausm\u00fcll gegeben werden d\u00fcrfen. Bei Batterien, die mehr als 0,0005 Masseprozent Quecksilber, mehr als 0,002 Masseprozent Cadmium oder mehr als 0,004 Masseprozent Blei enthalten, befindet sich unter dem M\u00fclltonnen-Symbol die chemische Bezeichnung des jeweils eingesetzten Schadstoffes \u2013 dabei steht &#8222;Cd&#8220; f\u00fcr Cadmium, &#8222;Pb&#8220; steht f\u00fcr Blei, und &#8222;Hg&#8220; f\u00fcr Quecksilber.<\/p>\n","protected":false},"excerpt":{"rendered":"<p>Der Rasselball ist aus hochwertigen Materialien gefertigt, die f\u00fcr die Sicherheit Ihres Babys sorgen und robust genug sind, um den Anforderungen des t\u00e4glichen Spielens standzuhalten.<\/p>\n","protected":false},"featured_media":17859,"comment_status":"closed","ping_status":"open","template":"","meta":[],"product_brand":[],"product_cat":[462],"product_tag":[],"class_list":{"0":"post-17858","1":"product","2":"type-product","3":"status-publish","4":"has-post-thumbnail","6":"product_cat-rasseln-greiflinge","8":"first","9":"instock","10":"shipping-taxable","11":"purchasable","12":"product-type-simple"},"_links":{"self":[{"href":"https:\/\/9play.de\/shop\/wp-json\/wp\/v2\/product\/17858","targetHints":{"allow":["GET"]}}],"collection":[{"href":"https:\/\/9play.de\/shop\/wp-json\/wp\/v2\/product"}],"about":[{"href":"https:\/\/9play.de\/shop\/wp-json\/wp\/v2\/types\/product"}],"replies":[{"embeddable":true,"href":"https:\/\/9play.de\/shop\/wp-json\/wp\/v2\/comments?post=17858"}],"wp:featuredmedia":[{"embeddable":true,"href":"https:\/\/9play.de\/shop\/wp-json\/wp\/v2\/media\/17859"}],"wp:attachment":[{"href":"https:\/\/9play.de\/shop\/wp-json\/wp\/v2\/media?parent=17858"}],"wp:term":[{"taxonomy":"product_brand","embeddable":true,"href":"https:\/\/9play.de\/shop\/wp-json\/wp\/v2\/product_brand?post=17858"},{"taxonomy":"product_cat","embeddable":true,"href":"https:\/\/9play.de\/shop\/wp-json\/wp\/v2\/product_cat?post=17858"},{"taxonomy":"product_tag","embeddable":true,"href":"https:\/\/9play.de\/shop\/wp-json\/wp\/v2\/product_tag?post=17858"}],"curies":[{"name":"wp","href":"https:\/\/api.w.org\/{rel}","templated":true}]}}