{"id":17885,"date":"2024-10-06T18:30:04","date_gmt":"2024-10-06T16:30:04","guid":{"rendered":"https:\/\/9play.de\/shop\/produkt\/spiderman-trinkflasche-mit-tragegurt\/"},"modified":"2024-10-06T18:30:17","modified_gmt":"2024-10-06T16:30:17","slug":"spiderman-trinkflasche-mit-tragegurt","status":"publish","type":"product","link":"https:\/\/9play.de\/shop\/produkt\/spiderman-trinkflasche-mit-tragegurt\/","title":{"rendered":"Spiderman Trinkflasche mit Tragegurt"},"content":{"rendered":"<p>Die Kinder Trinkflasche mit Spiderman Motiv und einem Fassungsverm\u00f6gen von 500 ml ist perfekt f\u00fcr unterwegs oder f\u00fcr die Schule geeignet.<br \/>Die Flasche besteht aus robustem Kunststoff und verf\u00fcgt \u00fcber einen dichten Schraubverschluss, der ein Auslaufen verhindert. Ein praktischer Tragegurt erm\u00f6glicht es den Kindern, die Flasche bequem zu transportieren.<br \/>Das auff\u00e4llige Spiderman Design sorgt daf\u00fcr, dass die Flasche zum Blickfang wird und die Kinder sich daran erfreuen werden, sie zu benutzen.<br \/>Die Flasche ist einfach zu reinigen und kann in der Sp\u00fclmaschine gereinigt werden.<\/p>\n<p>Inhalt: 1x Flasche<br \/>Altersempfehlung: ab 3 Jahre<br \/>Gr\u00f6\u00dfe: ca. 500 ml<br \/>Material: Kunststoff<\/p>\n<p>Achtung: Nicht f\u00fcr Kinder unter 36 Monaten geeignet wegen verschluckbarer Kleinteile, Erstickungsgefahr.<br \/>Achtung: Strangulationsgefahr durch lange Seile.<\/p>\n","protected":false},"excerpt":{"rendered":"<p>Das auff\u00e4llige Spiderman Design sorgt daf\u00fcr, dass die Flasche zum Blickfang wird und die Kinder sich daran erfreuen werden, sie zu benutzen.<\/p>\n","protected":false},"featured_media":17886,"comment_status":"closed","ping_status":"open","template":"","meta":[],"product_brand":[],"product_cat":[507],"product_tag":[],"class_list":{"0":"post-17885","1":"product","2":"type-product","3":"status-publish","4":"has-post-thumbnail","6":"product_cat-trinkflaschen","8":"first","9":"instock","10":"shipping-taxable","11":"purchasable","12":"product-type-simple"},"_links":{"self":[{"href":"https:\/\/9play.de\/shop\/wp-json\/wp\/v2\/product\/17885","targetHints":{"allow":["GET"]}}],"collection":[{"href":"https:\/\/9play.de\/shop\/wp-json\/wp\/v2\/product"}],"about":[{"href":"https:\/\/9play.de\/shop\/wp-json\/wp\/v2\/types\/product"}],"replies":[{"embeddable":true,"href":"https:\/\/9play.de\/shop\/wp-json\/wp\/v2\/comments?post=17885"}],"wp:featuredmedia":[{"embeddable":true,"href":"https:\/\/9play.de\/shop\/wp-json\/wp\/v2\/media\/17886"}],"wp:attachment":[{"href":"https:\/\/9play.de\/shop\/wp-json\/wp\/v2\/media?parent=17885"}],"wp:term":[{"taxonomy":"product_brand","embeddable":true,"href":"https:\/\/9play.de\/shop\/wp-json\/wp\/v2\/product_brand?post=17885"},{"taxonomy":"product_cat","embeddable":true,"href":"https:\/\/9play.de\/shop\/wp-json\/wp\/v2\/product_cat?post=17885"},{"taxonomy":"product_tag","embeddable":true,"href":"https:\/\/9play.de\/shop\/wp-json\/wp\/v2\/product_tag?post=17885"}],"curies":[{"name":"wp","href":"https:\/\/api.w.org\/{rel}","templated":true}]}}