{"id":17898,"date":"2024-10-06T18:30:04","date_gmt":"2024-10-06T16:30:04","guid":{"rendered":"https:\/\/9play.de\/shop\/produkt\/disney-prinzessinnen-regenschirm-durchmesser-70cm\/"},"modified":"2024-10-06T18:30:23","modified_gmt":"2024-10-06T16:30:23","slug":"disney-prinzessinnen-regenschirm-durchmesser-70cm","status":"publish","type":"product","link":"https:\/\/9play.de\/shop\/produkt\/disney-prinzessinnen-regenschirm-durchmesser-70cm\/","title":{"rendered":"Disney Prinzessinnen Regenschirm Durchmesser 70cm"},"content":{"rendered":"<p>Der Kinder Regenschirm im Disney Prinzessinnen Design ist ein wundersch\u00f6nes Accessoire f\u00fcr kleine M\u00e4dchen an regnerischen Tagen.<br \/>Der Schirm ist in den typischen Prinzessinnenfarben gestaltet und zeigt auf den einzelnen Schirmsegmenten h\u00fcbsche Illustrationen von beliebten Disney-Prinzessinnen wie Cinderella, Belle und Rapunzel.<br \/>Er ist leicht und kompakt genug f\u00fcr kleine H\u00e4nde und kann einfach aufgeklappt werden.<br \/>Der Regenschirm sch\u00fctzt die Kleinen vor Regen und bietet ihnen gleichzeitig eine fr\u00f6hliche und spielerische Erfahrung an grauen Tagen.<br \/>Ein perfektes Geschenk f\u00fcr kleine Prinzessinnen!<\/p>\n<p>Inhalt: 1x Schirm<br \/>Altersempfehlung: ab 3 Jahre<br \/>Gr\u00f6\u00dfe: ca. L. 57 cm; \u00d8 70 cm<br \/>Material: Polyester<\/p>\n<p>Achtung: Nicht f\u00fcr Kinder unter 36 Monaten geeignet wegen verschluckbarer Kleinteile, Erstickungsgefahr.<\/p>\n","protected":false},"excerpt":{"rendered":"<p>Der Regenschirm sch\u00fctzt die Kleinen vor Regen und bietet ihnen gleichzeitig eine fr\u00f6hliche und spielerische Erfahrung an grauen Tagen.<\/p>\n","protected":false},"featured_media":17899,"comment_status":"closed","ping_status":"open","template":"","meta":[],"product_brand":[],"product_cat":[464],"product_tag":[],"class_list":{"0":"post-17898","1":"product","2":"type-product","3":"status-publish","4":"has-post-thumbnail","6":"product_cat-regenschirme","8":"first","9":"instock","10":"shipping-taxable","11":"purchasable","12":"product-type-simple"},"_links":{"self":[{"href":"https:\/\/9play.de\/shop\/wp-json\/wp\/v2\/product\/17898","targetHints":{"allow":["GET"]}}],"collection":[{"href":"https:\/\/9play.de\/shop\/wp-json\/wp\/v2\/product"}],"about":[{"href":"https:\/\/9play.de\/shop\/wp-json\/wp\/v2\/types\/product"}],"replies":[{"embeddable":true,"href":"https:\/\/9play.de\/shop\/wp-json\/wp\/v2\/comments?post=17898"}],"wp:featuredmedia":[{"embeddable":true,"href":"https:\/\/9play.de\/shop\/wp-json\/wp\/v2\/media\/17899"}],"wp:attachment":[{"href":"https:\/\/9play.de\/shop\/wp-json\/wp\/v2\/media?parent=17898"}],"wp:term":[{"taxonomy":"product_brand","embeddable":true,"href":"https:\/\/9play.de\/shop\/wp-json\/wp\/v2\/product_brand?post=17898"},{"taxonomy":"product_cat","embeddable":true,"href":"https:\/\/9play.de\/shop\/wp-json\/wp\/v2\/product_cat?post=17898"},{"taxonomy":"product_tag","embeddable":true,"href":"https:\/\/9play.de\/shop\/wp-json\/wp\/v2\/product_tag?post=17898"}],"curies":[{"name":"wp","href":"https:\/\/api.w.org\/{rel}","templated":true}]}}