{"id":17908,"date":"2024-10-06T18:30:04","date_gmt":"2024-10-06T16:30:04","guid":{"rendered":"https:\/\/9play.de\/shop\/produkt\/spiderman-smart-watch-mit-kamera-diktiergeraet-wecker-taschenrechner\/"},"modified":"2024-10-06T18:30:28","modified_gmt":"2024-10-06T16:30:28","slug":"spiderman-smart-watch-mit-kamera-diktiergeraet-wecker-taschenrechner","status":"publish","type":"product","link":"https:\/\/9play.de\/shop\/produkt\/spiderman-smart-watch-mit-kamera-diktiergeraet-wecker-taschenrechner\/","title":{"rendered":"Spiderman Smart Watch mit Kamera Diktierger\u00e4t, Wecker Taschenrechner"},"content":{"rendered":"<p>Die Kinder Spiderman-Smartwatch ist das perfekte Accessoire f\u00fcr junge Superhelden!<br \/>Mit ihrer Selfie-Kamera k\u00f6nnen Kinder lustige Fotos und Videos machen.<br \/>Das Diktierger\u00e4t ist ideal f\u00fcr kleine Notizen und Erinnerungen, w\u00e4hrend der Wecker und die Stoppuhr die t\u00e4glichen Aktivit\u00e4ten der Kinder unterst\u00fctzen.<br \/>Die Smartwatch verf\u00fcgt auch \u00fcber einen Taschenrechner, der es den Kindern erleichtert, ihre Hausaufgaben zu erledigen.<br \/>Mit einer langen Akkulaufzeit k\u00f6nnen Kinder den ganzen Tag ununterbrochenen Spa\u00df haben und ihre Abenteuer aufzeichnen.<br \/>Das mitgelieferte USB-Kabel erm\u00f6glicht ein einfaches und schnelles Aufladen der Uhr.<br \/>Mit ihrem coolen Spiderman-Design werden Kinder die Smartwatch lieben und sie stolz tragen.<\/p>\n<p>Inhalt: 1x Smart Watch&nbsp;<\/p>\n<p>Foto- und Videofunktion: Zoom x4, 5 Mega-Pixel, 1080px Videoaufl\u00f6sung, Eingebaute Spa\u00dffilter, Spezialeffekte<br \/>MP3-Player mit Lautsprechern<br \/>Micro-SD-Karte<\/p>\n<p>Altersempfehlung: ab 6&nbsp;Jahre<br \/>Verpackung: ca. 12 x 8 x 8 cm<br \/>Material: Kunststoff, Silikon<br \/>Stromversorgung: Akku im Lieferumfang enthalten<\/p>\n<p>Achtung: Nicht f\u00fcr Kinder unter 36 Monaten geeignet wegen verschluckbarer Kleinteile, Erstickungsgefahr.<\/p>\n<p>Hinweis zur Entsorgung von Altbatterien<\/p>\n<p>Der nachfolgende Hinweis richtet sich an diejenigen, die Batterien oder Produkte mit eingebauten Batterien nutzen und in der an sie gelieferten Form nicht mehr weiterver\u00e4u\u00dfern (Endnutzer):<\/p>\n<p>1. Unentgeltliche R\u00fccknahme von Altbatterien<\/p>\n<p>Batterien d\u00fcrfen nicht \u00fcber den Hausm\u00fcll entsorgt werden. Sie sind zur R\u00fcckgabe von Altbatterien gesetzlich verpflichtet, damit eine fachgerechte Entsorgung gew\u00e4hrleistet werden kann. Sie k\u00f6nnen Altbatterien an einer kommunalen Sammelstelle oder im Handel vor Ort abgeben. Auch wir sind als Vertreiber von Batterien zur R\u00fccknahme von Altbatterien verpflichtet, wobei sich unsere R\u00fccknahmeverpflichtung auf Altbatterien der Art beschr\u00e4nkt, die wir als Neubatterien in unserem Sortiment f\u00fchren oder gef\u00fchrt haben. Altbatterien vorgenannter Art k\u00f6nnen Sie daher entweder ausreichend frankiert an uns zur\u00fccksenden oder sie direkt an unserem Versandlager unter der im Impressum genannten Adresse unentgeltlich abgeben.<\/p>\n<p>2. Bedeutung der Batteriesymbole<\/p>\n<p>Batterien sind mit dem Symbol einer durchgekreuzten M\u00fclltonne gekennzeichnet. Dieses Symbol weist darauf hin, dass Batterien nicht in den Hausm\u00fcll gegeben werden d\u00fcrfen. Bei Batterien, die mehr als 0,0005 Masseprozent Quecksilber, mehr als 0,002 Masseprozent Cadmium oder mehr als 0,004 Masseprozent Blei enthalten, befindet sich unter dem M\u00fclltonnen-Symbol die chemische Bezeichnung des jeweils eingesetzten Schadstoffes \u2013 dabei steht &#8222;Cd&#8220; f\u00fcr Cadmium, &#8222;Pb&#8220; steht f\u00fcr Blei, und &#8222;Hg&#8220; f\u00fcr Quecksilber.<\/p>\n","protected":false},"excerpt":{"rendered":"<p>Mit ihrem coolen Spiderman-Design werden Kinder die Smartwatch lieben und sie stolz tragen.<\/p>\n","protected":false},"featured_media":17909,"comment_status":"closed","ping_status":"open","template":"","meta":[],"product_brand":[],"product_cat":[497],"product_tag":[],"class_list":{"0":"post-17908","1":"product","2":"type-product","3":"status-publish","4":"has-post-thumbnail","6":"product_cat-uhren","8":"first","9":"instock","10":"shipping-taxable","11":"purchasable","12":"product-type-simple"},"_links":{"self":[{"href":"https:\/\/9play.de\/shop\/wp-json\/wp\/v2\/product\/17908","targetHints":{"allow":["GET"]}}],"collection":[{"href":"https:\/\/9play.de\/shop\/wp-json\/wp\/v2\/product"}],"about":[{"href":"https:\/\/9play.de\/shop\/wp-json\/wp\/v2\/types\/product"}],"replies":[{"embeddable":true,"href":"https:\/\/9play.de\/shop\/wp-json\/wp\/v2\/comments?post=17908"}],"wp:featuredmedia":[{"embeddable":true,"href":"https:\/\/9play.de\/shop\/wp-json\/wp\/v2\/media\/17909"}],"wp:attachment":[{"href":"https:\/\/9play.de\/shop\/wp-json\/wp\/v2\/media?parent=17908"}],"wp:term":[{"taxonomy":"product_brand","embeddable":true,"href":"https:\/\/9play.de\/shop\/wp-json\/wp\/v2\/product_brand?post=17908"},{"taxonomy":"product_cat","embeddable":true,"href":"https:\/\/9play.de\/shop\/wp-json\/wp\/v2\/product_cat?post=17908"},{"taxonomy":"product_tag","embeddable":true,"href":"https:\/\/9play.de\/shop\/wp-json\/wp\/v2\/product_tag?post=17908"}],"curies":[{"name":"wp","href":"https:\/\/api.w.org\/{rel}","templated":true}]}}