{"id":17921,"date":"2024-10-06T18:30:04","date_gmt":"2024-10-06T16:30:04","guid":{"rendered":"https:\/\/9play.de\/shop\/produkt\/einhorn-kopfhoerer-mit-ohren-und-horn-des-einhorns\/"},"modified":"2024-10-06T18:30:36","modified_gmt":"2024-10-06T16:30:36","slug":"einhorn-kopfhoerer-mit-ohren-und-horn-des-einhorns","status":"publish","type":"product","link":"https:\/\/9play.de\/shop\/produkt\/einhorn-kopfhoerer-mit-ohren-und-horn-des-einhorns\/","title":{"rendered":"Einhorn Kopfh\u00f6rer mit Ohren und Horn des Einhorns"},"content":{"rendered":"<p>Dieser Kopfh\u00f6rer ist ein einzigartiges Accessoire f\u00fcr Einhorn-Liebhaber.<br \/>Mit einem 3,5mm Kabelanschluss ist er einfach an alle g\u00e4ngigen Ger\u00e4te anschlie\u00dfbar.<br \/>Die Ohren und der Horn des Einhorns sind Teil des Kopfh\u00f6rers und f\u00fcgen eine lustige und verspielte Note hinzu.<br \/>Die Kopfh\u00f6rer selbst bieten einen klaren und satten Klang, damit Sie Ihre Lieblingsmusik oder Podcasts in bester Qualit\u00e4t genie\u00dfen k\u00f6nnen.<\/p>\n<p>Inhalt: 1x Kopfh\u00f6rer mit Kabel (3,5mm-Anschluss)<br \/>Altersempfehlung: ab 3 Jahre<br \/>Verpackung: ca. 21 x 16 x 7 cm Gr\u00f6\u00dfe: \u00d8 14 cm<br \/>Material: Kunststoff<br \/>Info: Farbwahl erfolgt per Zufall<\/p>\n<p>Achtung: Nicht f\u00fcr Kinder unter 36 Monaten geeignet wegen verschluckbarer Kleinteile, Erstickungsgefahr.<\/p>\n","protected":false},"excerpt":{"rendered":"<p>Die Ohren und der Horn des Einhorns sind Teil des Kopfh\u00f6rers und f\u00fcgen eine lustige und verspielte Note hinzu.<\/p>\n","protected":false},"featured_media":17922,"comment_status":"closed","ping_status":"open","template":"","meta":[],"product_brand":[],"product_cat":[494],"product_tag":[],"class_list":{"0":"post-17921","1":"product","2":"type-product","3":"status-publish","4":"has-post-thumbnail","6":"product_cat-lautsprecher-kopfhoerer","8":"first","9":"instock","10":"shipping-taxable","11":"purchasable","12":"product-type-simple"},"_links":{"self":[{"href":"https:\/\/9play.de\/shop\/wp-json\/wp\/v2\/product\/17921","targetHints":{"allow":["GET"]}}],"collection":[{"href":"https:\/\/9play.de\/shop\/wp-json\/wp\/v2\/product"}],"about":[{"href":"https:\/\/9play.de\/shop\/wp-json\/wp\/v2\/types\/product"}],"replies":[{"embeddable":true,"href":"https:\/\/9play.de\/shop\/wp-json\/wp\/v2\/comments?post=17921"}],"wp:featuredmedia":[{"embeddable":true,"href":"https:\/\/9play.de\/shop\/wp-json\/wp\/v2\/media\/17922"}],"wp:attachment":[{"href":"https:\/\/9play.de\/shop\/wp-json\/wp\/v2\/media?parent=17921"}],"wp:term":[{"taxonomy":"product_brand","embeddable":true,"href":"https:\/\/9play.de\/shop\/wp-json\/wp\/v2\/product_brand?post=17921"},{"taxonomy":"product_cat","embeddable":true,"href":"https:\/\/9play.de\/shop\/wp-json\/wp\/v2\/product_cat?post=17921"},{"taxonomy":"product_tag","embeddable":true,"href":"https:\/\/9play.de\/shop\/wp-json\/wp\/v2\/product_tag?post=17921"}],"curies":[{"name":"wp","href":"https:\/\/api.w.org\/{rel}","templated":true}]}}