{"id":17926,"date":"2024-10-06T18:30:39","date_gmt":"2024-10-06T16:30:39","guid":{"rendered":"https:\/\/9play.de\/shop\/produkt\/schminkset-einhorn-mit-viel-glitzer-und-edelsteinen-fuer-die-haare\/"},"modified":"2024-10-06T18:30:40","modified_gmt":"2024-10-06T16:30:40","slug":"schminkset-einhorn-mit-viel-glitzer-und-edelsteinen-fuer-die-haare","status":"publish","type":"product","link":"https:\/\/9play.de\/shop\/produkt\/schminkset-einhorn-mit-viel-glitzer-und-edelsteinen-fuer-die-haare\/","title":{"rendered":"Schminkset Einhorn mit viel Glitzer und Edelsteinen f\u00fcr die Haare"},"content":{"rendered":"<p>Das Kinder Schminkset ist perfekt f\u00fcr kleine M\u00e4dchen, die sich gerne schminken und stylen.<br \/>Es enth\u00e4lt 3 Lidschatten in Pastellrosa- und Blaut\u00f6nen, die sich leicht auftragen lassen und f\u00fcr einen sch\u00f6nen Augenaufschlag sorgen.<br \/>Zus\u00e4tzlich gibt es 3 Lipglosse in verschiedenen Farben f\u00fcr gl\u00e4nzende Lippen.<br \/>Die beiden Make-up-Pinsel haben bequeme Griffe, die kleinen H\u00e4nden gut passen und einfache Anwendung erm\u00f6glichen.<br \/>Die Pastellkreiden sind f\u00fcr die Haarf\u00e4rbung gedacht und bieten eine lustige M\u00f6glichkeit, das Aussehen zu ver\u00e4ndern.<br \/>Zus\u00e4tzlich gibt es ein Blatt mit mehr als 25 Edelsteinen, mit denen man die Haare dekorieren kann.<br \/>Das Set ist perfekt f\u00fcr kleine M\u00e4dchen, die ihre Kreativit\u00e4t ausleben und Spa\u00df am Schminken und Stylen haben wollen.<\/p>\n<p>Inhalt: 3x Lidschatten, 3x Lipgloss, 2x Make-up-Pinsel, 3x Pastellkreiden, 25x Edelsteinen<br \/>Altersempfehlung: ab 3 Jahre<br \/>Verpackung: ca. 15,5 x 16 x 2 cm<br \/>Material: Kunststoff<\/p>\n<p>Achtung: Nicht f\u00fcr Kinder unter 36 Monaten geeignet wegen verschluckbarer Kleinteile, Erstickungsgefahr.<\/p>\n","protected":false},"excerpt":{"rendered":"<p>Das Set ist perfekt f\u00fcr kleine M\u00e4dchen, die ihre Kreativit\u00e4t ausleben und Spa\u00df am Schminken und Stylen haben wollen<\/p>\n","protected":false},"featured_media":17927,"comment_status":"closed","ping_status":"open","template":"","meta":[],"product_brand":[],"product_cat":[506],"product_tag":[],"class_list":{"0":"post-17926","1":"product","2":"type-product","3":"status-publish","4":"has-post-thumbnail","6":"product_cat-beauty-set","8":"first","9":"instock","10":"shipping-taxable","11":"purchasable","12":"product-type-simple"},"_links":{"self":[{"href":"https:\/\/9play.de\/shop\/wp-json\/wp\/v2\/product\/17926","targetHints":{"allow":["GET"]}}],"collection":[{"href":"https:\/\/9play.de\/shop\/wp-json\/wp\/v2\/product"}],"about":[{"href":"https:\/\/9play.de\/shop\/wp-json\/wp\/v2\/types\/product"}],"replies":[{"embeddable":true,"href":"https:\/\/9play.de\/shop\/wp-json\/wp\/v2\/comments?post=17926"}],"wp:featuredmedia":[{"embeddable":true,"href":"https:\/\/9play.de\/shop\/wp-json\/wp\/v2\/media\/17927"}],"wp:attachment":[{"href":"https:\/\/9play.de\/shop\/wp-json\/wp\/v2\/media?parent=17926"}],"wp:term":[{"taxonomy":"product_brand","embeddable":true,"href":"https:\/\/9play.de\/shop\/wp-json\/wp\/v2\/product_brand?post=17926"},{"taxonomy":"product_cat","embeddable":true,"href":"https:\/\/9play.de\/shop\/wp-json\/wp\/v2\/product_cat?post=17926"},{"taxonomy":"product_tag","embeddable":true,"href":"https:\/\/9play.de\/shop\/wp-json\/wp\/v2\/product_tag?post=17926"}],"curies":[{"name":"wp","href":"https:\/\/api.w.org\/{rel}","templated":true}]}}