{"id":17947,"date":"2024-10-06T18:30:39","date_gmt":"2024-10-06T16:30:39","guid":{"rendered":"https:\/\/9play.de\/shop\/produkt\/wow-generation-nagelstudio-mit-trocknungslampe-nagelpfeile-nagellacke\/"},"modified":"2024-10-06T18:30:52","modified_gmt":"2024-10-06T16:30:52","slug":"wow-generation-nagelstudio-mit-trocknungslampe-nagelpfeile-nagellacke","status":"publish","type":"product","link":"https:\/\/9play.de\/shop\/produkt\/wow-generation-nagelstudio-mit-trocknungslampe-nagelpfeile-nagellacke\/","title":{"rendered":"WOW Generation Nagelstudio mit Trocknungslampe Nagelpfeile Nagellacke"},"content":{"rendered":"<p>Das Kinder Nagelstudio von WOW Generation ist perfekt f\u00fcr kleine Nagelk\u00fcnstlerinnen und Nagelk\u00fcnstler, die ihre Manik\u00fcre- und Dekorationsf\u00e4higkeiten verbessern m\u00f6chten.<br \/>Mit der Nagellack-Trocknungslampe k\u00f6nnen die N\u00e4gel schnell getrocknet werden, um das Ergebnis zu erhalten, das sie sich w\u00fcnschen.<br \/>Der magische Stift mit Glitzer l\u00e4sst die N\u00e4gel funkeln und gl\u00e4nzen, w\u00e4hrend der Stamper verschiedene Formen und Muster auf die N\u00e4gel stempeln kann.<br \/>Die Nagelfeile hilft dabei, die N\u00e4gel in die gew\u00fcnschte Form zu bringen, bevor der farbige Nagellack aufgetragen wird.<br \/>Dieses Nagelstudio wird die Kreativit\u00e4t und den Spa\u00df Ihrer Kinder f\u00f6rdern und ist perfekt f\u00fcr kleine Nagelliebhaber, die ihr eigenes Nagelstudio zu Hause haben m\u00f6chten.&nbsp;<\/p>\n<p>Inhalt: 1x Nagelstudio<br \/>Altersempfehlung: ab 8 Jahre<br \/>Verpakung: ca. 43,5 \u00d7 23,5 x 24 cm<br \/>Stromversorgung: Batterie (im Lieferumfang nicht enthalten)<br \/>Material: Stoff, Metall, Polyester<\/p>\n<p>Achtung: Nicht f\u00fcr Kinder unter 36 Monaten geeignet wegen verschluckbarer Kleinteile, Erstickungsgefahr.<\/p>\n<p>Achtung: Enth\u00e4lt Duftstoffe, die Allergien ausl\u00f6sen k\u00f6nnen.<\/p>\n<p>Hinweis zur Entsorgung von Altbatterien<\/p>\n<p>Der nachfolgende Hinweis richtet sich an diejenigen, die Batterien oder Produkte mit eingebauten Batterien nutzen und in der an sie gelieferten Form nicht mehr weiterver\u00e4u\u00dfern (Endnutzer):<\/p>\n<p>1. Unentgeltliche R\u00fccknahme von Altbatterien<\/p>\n<p>Batterien d\u00fcrfen nicht \u00fcber den Hausm\u00fcll entsorgt werden. Sie sind zur R\u00fcckgabe von Altbatterien gesetzlich verpflichtet, damit eine fachgerechte Entsorgung gew\u00e4hrleistet werden kann. Sie k\u00f6nnen Altbatterien an einer kommunalen Sammelstelle oder im Handel vor Ort abgeben. Auch wir sind als Vertreiber von Batterien zur R\u00fccknahme von Altbatterien verpflichtet, wobei sich unsere R\u00fccknahmeverpflichtung auf Altbatterien der Art beschr\u00e4nkt, die wir als Neubatterien in unserem Sortiment f\u00fchren oder gef\u00fchrt haben. Altbatterien vorgenannter Art k\u00f6nnen Sie daher entweder ausreichend frankiert an uns zur\u00fccksenden oder sie direkt an unserem Versandlager unter der im Impressum genannten Adresse unentgeltlich abgeben.<\/p>\n<p>2. Bedeutung der Batteriesymbole<\/p>\n<p>Batterien sind mit dem Symbol einer durchgekreuzten M\u00fclltonne gekennzeichnet. Dieses Symbol weist darauf hin, dass Batterien nicht in den Hausm\u00fcll gegeben werden d\u00fcrfen. Bei Batterien, die mehr als 0,0005 Masseprozent Quecksilber, mehr als 0,002 Masseprozent Cadmium oder mehr als 0,004 Masseprozent Blei enthalten, befindet sich unter dem M\u00fclltonnen-Symbol die chemische Bezeichnung des jeweils eingesetzten Schadstoffes \u2013 dabei steht &#8222;Cd&#8220; f\u00fcr Cadmium, &#8222;Pb&#8220; steht f\u00fcr Blei, und &#8222;Hg&#8220; f\u00fcr Quecksilber.<\/p>\n","protected":false},"excerpt":{"rendered":"<p>Dieses Nagelstudio wird die Kreativit\u00e4t und den Spa\u00df Ihrer Kinder f\u00f6rdern und ist perfekt f\u00fcr kleine Nagelliebhaber, die ihr eigenes Nagelstudio zu Hause haben m\u00f6chten<\/p>\n","protected":false},"featured_media":17948,"comment_status":"closed","ping_status":"open","template":"","meta":[],"product_brand":[],"product_cat":[506],"product_tag":[],"class_list":{"0":"post-17947","1":"product","2":"type-product","3":"status-publish","4":"has-post-thumbnail","6":"product_cat-beauty-set","8":"first","9":"instock","10":"shipping-taxable","11":"purchasable","12":"product-type-simple"},"_links":{"self":[{"href":"https:\/\/9play.de\/shop\/wp-json\/wp\/v2\/product\/17947","targetHints":{"allow":["GET"]}}],"collection":[{"href":"https:\/\/9play.de\/shop\/wp-json\/wp\/v2\/product"}],"about":[{"href":"https:\/\/9play.de\/shop\/wp-json\/wp\/v2\/types\/product"}],"replies":[{"embeddable":true,"href":"https:\/\/9play.de\/shop\/wp-json\/wp\/v2\/comments?post=17947"}],"wp:featuredmedia":[{"embeddable":true,"href":"https:\/\/9play.de\/shop\/wp-json\/wp\/v2\/media\/17948"}],"wp:attachment":[{"href":"https:\/\/9play.de\/shop\/wp-json\/wp\/v2\/media?parent=17947"}],"wp:term":[{"taxonomy":"product_brand","embeddable":true,"href":"https:\/\/9play.de\/shop\/wp-json\/wp\/v2\/product_brand?post=17947"},{"taxonomy":"product_cat","embeddable":true,"href":"https:\/\/9play.de\/shop\/wp-json\/wp\/v2\/product_cat?post=17947"},{"taxonomy":"product_tag","embeddable":true,"href":"https:\/\/9play.de\/shop\/wp-json\/wp\/v2\/product_tag?post=17947"}],"curies":[{"name":"wp","href":"https:\/\/api.w.org\/{rel}","templated":true}]}}