{"id":17999,"date":"2024-10-06T18:31:25","date_gmt":"2024-10-06T16:31:25","guid":{"rendered":"https:\/\/9play.de\/shop\/produkt\/frozen-geschirrset-teller-schuessel-becher-anna-elsa\/"},"modified":"2024-10-06T18:31:25","modified_gmt":"2024-10-06T16:31:25","slug":"frozen-geschirrset-teller-schuessel-becher-anna-elsa","status":"publish","type":"product","link":"https:\/\/9play.de\/shop\/produkt\/frozen-geschirrset-teller-schuessel-becher-anna-elsa\/","title":{"rendered":"Frozen Geschirrset Teller Sch\u00fcssel Becher Anna Elsa"},"content":{"rendered":"<p>Das Kinder Disney Elsa Geschirrset ist perfekt f\u00fcr kleine Frozen-Fans!<br \/>Es enth\u00e4lt einen Teller, eine Sch\u00fcssel und einen Becher, alle mit wundersch\u00f6nen Bildern von Elsa, der Eisk\u00f6nigin.<br \/>Der Teller und die Sch\u00fcssel haben eine perfekte Gr\u00f6\u00dfe f\u00fcr Kinderportionen und sind ideal zum Servieren von Snacks, Fr\u00fchst\u00fcck, Mittag- oder Abendessen.<br \/>Der Becher ist ebenfalls kinderfreundlich gestaltet und hat eine ideale Gr\u00f6\u00dfe f\u00fcr kleine H\u00e4nde.<br \/>Dieses Disney Elsa Geschirrset ist perfekt f\u00fcr alle kleinen Fans von Frozen und wird sicherlich ihre Mahlzeiten noch mehr genie\u00dfen lassen.<\/p>\n<p>Inhalt: 1x Geschirrset (1x Teller, 1x Becher, 1x Sch\u00fcssel)<br \/>Altersempfehlung: ab 3 Jahre<br \/>Gr\u00f6\u00dfe: ca. 29 x 11 x 7,5 cm<br \/>Material: Kunststoff<\/p>\n<p>Achtung: Nicht f\u00fcr Kinder unter 36 Monaten geeignet wegen verschluckbarer Kleinteile, Erstickungsgefahr.<\/p>\n","protected":false},"excerpt":{"rendered":"<p>Dieses Disney Elsa Geschirrset ist perfekt f\u00fcr alle kleinen Fans von Frozen und wird sicherlich ihre Mahlzeiten noch mehr genie\u00dfen lassen.<\/p>\n","protected":false},"featured_media":18000,"comment_status":"closed","ping_status":"open","template":"","meta":[],"product_brand":[],"product_cat":[461],"product_tag":[],"class_list":{"0":"post-17999","1":"product","2":"type-product","3":"status-publish","4":"has-post-thumbnail","6":"product_cat-geschirr-besteck","8":"first","9":"instock","10":"shipping-taxable","11":"purchasable","12":"product-type-simple"},"_links":{"self":[{"href":"https:\/\/9play.de\/shop\/wp-json\/wp\/v2\/product\/17999","targetHints":{"allow":["GET"]}}],"collection":[{"href":"https:\/\/9play.de\/shop\/wp-json\/wp\/v2\/product"}],"about":[{"href":"https:\/\/9play.de\/shop\/wp-json\/wp\/v2\/types\/product"}],"replies":[{"embeddable":true,"href":"https:\/\/9play.de\/shop\/wp-json\/wp\/v2\/comments?post=17999"}],"wp:featuredmedia":[{"embeddable":true,"href":"https:\/\/9play.de\/shop\/wp-json\/wp\/v2\/media\/18000"}],"wp:attachment":[{"href":"https:\/\/9play.de\/shop\/wp-json\/wp\/v2\/media?parent=17999"}],"wp:term":[{"taxonomy":"product_brand","embeddable":true,"href":"https:\/\/9play.de\/shop\/wp-json\/wp\/v2\/product_brand?post=17999"},{"taxonomy":"product_cat","embeddable":true,"href":"https:\/\/9play.de\/shop\/wp-json\/wp\/v2\/product_cat?post=17999"},{"taxonomy":"product_tag","embeddable":true,"href":"https:\/\/9play.de\/shop\/wp-json\/wp\/v2\/product_tag?post=17999"}],"curies":[{"name":"wp","href":"https:\/\/api.w.org\/{rel}","templated":true}]}}