{"id":18009,"date":"2024-10-06T18:31:25","date_gmt":"2024-10-06T16:31:25","guid":{"rendered":"https:\/\/9play.de\/shop\/produkt\/rennwagen-renn-auto-f1-mit-licht-und-sound\/"},"modified":"2024-10-06T18:31:30","modified_gmt":"2024-10-06T16:31:30","slug":"rennwagen-renn-auto-f1-mit-licht-und-sound","status":"publish","type":"product","link":"https:\/\/9play.de\/shop\/produkt\/rennwagen-renn-auto-f1-mit-licht-und-sound\/","title":{"rendered":"Rennwagen Renn-Auto F1 mit Licht und Sound"},"content":{"rendered":"<p>Toi-Toys Rennwagen F1 Dieser Rennwagen sollte in Ihrer Sammlung nicht fehlen !<br \/>Das Auto ist mit Licht und Ger\u00e4uschen und es ist auch ein Rennfahrer im Rennauto!<br \/>Der Rennwagen hat eine schwarze Farbe mit roten Details.<br \/>Dar\u00fcber hinaus verf\u00fcgt das Auto \u00fcber einen R\u00fcckzugsantrieb.<\/p>\n<p>Farbe: Schwarz, Rot<br \/>Material: Kunststoff<br \/>Alter: ab 3 Jahren<br \/>Inhalt: 1 Rennwagen mit Kern inkl. Batterien<br \/>Gr\u00f6\u00dfe: ca. 32 x 14 x 11 cm<\/p>\n<p><span style=\"font-size:12.0pt\"><span style=\"font-family:Times New Roman,serif\">Achtung! Nicht f\u00fcr Kinder unter 36 Monaten geeignet wegen verschluckbarer Kleinteile, Erstickungsgefahr.<\/span><\/span><\/p>\n","protected":false},"excerpt":{"rendered":"<p>F1 Rennwagen mit Fahrer schwarz rot<\/p>\n","protected":false},"featured_media":18010,"comment_status":"closed","ping_status":"open","template":"","meta":[],"product_brand":[],"product_cat":[477],"product_tag":[],"class_list":{"0":"post-18009","1":"product","2":"type-product","3":"status-publish","4":"has-post-thumbnail","6":"product_cat-rennautos-rennbahn","8":"first","9":"instock","10":"shipping-taxable","11":"purchasable","12":"product-type-simple"},"_links":{"self":[{"href":"https:\/\/9play.de\/shop\/wp-json\/wp\/v2\/product\/18009","targetHints":{"allow":["GET"]}}],"collection":[{"href":"https:\/\/9play.de\/shop\/wp-json\/wp\/v2\/product"}],"about":[{"href":"https:\/\/9play.de\/shop\/wp-json\/wp\/v2\/types\/product"}],"replies":[{"embeddable":true,"href":"https:\/\/9play.de\/shop\/wp-json\/wp\/v2\/comments?post=18009"}],"wp:featuredmedia":[{"embeddable":true,"href":"https:\/\/9play.de\/shop\/wp-json\/wp\/v2\/media\/18010"}],"wp:attachment":[{"href":"https:\/\/9play.de\/shop\/wp-json\/wp\/v2\/media?parent=18009"}],"wp:term":[{"taxonomy":"product_brand","embeddable":true,"href":"https:\/\/9play.de\/shop\/wp-json\/wp\/v2\/product_brand?post=18009"},{"taxonomy":"product_cat","embeddable":true,"href":"https:\/\/9play.de\/shop\/wp-json\/wp\/v2\/product_cat?post=18009"},{"taxonomy":"product_tag","embeddable":true,"href":"https:\/\/9play.de\/shop\/wp-json\/wp\/v2\/product_tag?post=18009"}],"curies":[{"name":"wp","href":"https:\/\/api.w.org\/{rel}","templated":true}]}}