{"id":18172,"date":"2024-10-06T18:32:56","date_gmt":"2024-10-06T16:32:56","guid":{"rendered":"https:\/\/9play.de\/shop\/produkt\/kinder-armband-set-mit-perlen-und-schnuere\/"},"modified":"2024-10-06T18:33:10","modified_gmt":"2024-10-06T16:33:10","slug":"kinder-armband-set-mit-perlen-und-schnuere","status":"publish","type":"product","link":"https:\/\/9play.de\/shop\/produkt\/kinder-armband-set-mit-perlen-und-schnuere\/","title":{"rendered":"Kinder Armband Set mit Perlen und Schn\u00fcre"},"content":{"rendered":"<p>Gestalte mit unserem &#8222;Armband selber machen&#8220;-Set individuelle Armb\u00e4nder!<br \/>Enthalten sind bunte Perlen und Schn\u00fcre f\u00fcr endlose Kombinationsm\u00f6glichkeiten.<br \/>Von glitzernden bis zu matten Perlen &#8211; kreiere einzigartige Designs, die deinen Stil widerspiegeln.<br \/>Verbessere deine Feinmotorik und Konzentration w\u00e4hrend du entspannst und sch\u00f6ne Armb\u00e4nder gestaltest.<br \/>Perfekt f\u00fcr Bastelpartys oder als Geschenk f\u00fcr Schmuckliebhaber. Erschaffe mit unserem Set einzigartigen Schmuck, der deine Pers\u00f6nlichkeit zum Ausdruck bringt!<\/p>\n<p>Verpackungsgr\u00f6\u00dfe: ca. 20 cm<br \/>Altersempfehlung: Ab 3 Jahre<br \/>Material: Kunststoff<\/p>\n<p>Achtung! Nicht f\u00fcr Kinder unter 36 Monaten geeignet wegen verschluckbarer Kleinteile, Erstickungsgefahr.<\/p>\n","protected":false},"excerpt":{"rendered":"<p>Armband selber machen als Set<\/p>\n","protected":false},"featured_media":18173,"comment_status":"closed","ping_status":"open","template":"","meta":[],"product_brand":[],"product_cat":[505],"product_tag":[],"class_list":{"0":"post-18172","1":"product","2":"type-product","3":"status-publish","4":"has-post-thumbnail","6":"product_cat-armbaender","8":"first","9":"instock","10":"shipping-taxable","11":"purchasable","12":"product-type-simple"},"_links":{"self":[{"href":"https:\/\/9play.de\/shop\/wp-json\/wp\/v2\/product\/18172","targetHints":{"allow":["GET"]}}],"collection":[{"href":"https:\/\/9play.de\/shop\/wp-json\/wp\/v2\/product"}],"about":[{"href":"https:\/\/9play.de\/shop\/wp-json\/wp\/v2\/types\/product"}],"replies":[{"embeddable":true,"href":"https:\/\/9play.de\/shop\/wp-json\/wp\/v2\/comments?post=18172"}],"wp:featuredmedia":[{"embeddable":true,"href":"https:\/\/9play.de\/shop\/wp-json\/wp\/v2\/media\/18173"}],"wp:attachment":[{"href":"https:\/\/9play.de\/shop\/wp-json\/wp\/v2\/media?parent=18172"}],"wp:term":[{"taxonomy":"product_brand","embeddable":true,"href":"https:\/\/9play.de\/shop\/wp-json\/wp\/v2\/product_brand?post=18172"},{"taxonomy":"product_cat","embeddable":true,"href":"https:\/\/9play.de\/shop\/wp-json\/wp\/v2\/product_cat?post=18172"},{"taxonomy":"product_tag","embeddable":true,"href":"https:\/\/9play.de\/shop\/wp-json\/wp\/v2\/product_tag?post=18172"}],"curies":[{"name":"wp","href":"https:\/\/api.w.org\/{rel}","templated":true}]}}