{"id":18212,"date":"2024-10-06T18:32:56","date_gmt":"2024-10-06T16:32:56","guid":{"rendered":"https:\/\/9play.de\/shop\/produkt\/baufahrzeug-rettungsdienst-aus-bio-kunststoff\/"},"modified":"2024-10-06T18:33:35","modified_gmt":"2024-10-06T16:33:35","slug":"baufahrzeug-rettungsdienst-aus-bio-kunststoff","status":"publish","type":"product","link":"https:\/\/9play.de\/shop\/produkt\/baufahrzeug-rettungsdienst-aus-bio-kunststoff\/","title":{"rendered":"Baufahrzeug Rettungsdienst aus Bio-Kunststoff"},"content":{"rendered":"<p>Bioplastik Spielzeugautos &#8211; Nachhaltiger Spielspa\u00df mit Rettungs- und Baufahrzeugen!<br \/>Diese Spielzeugautos aus umweltfreundlichem Bioplastik bieten spannenden Spielspa\u00df.<br \/>Jedes Set enth\u00e4lt je zwei robuste Fahrzeuge, darunter Rettungs- und Baufahrzeuge wie Feuerwehr, Krankenwagen, Betonmischer und Kipper als LKW.<br \/>Die handliche Gr\u00f6\u00dfe ist ideal f\u00fcr kleine H\u00e4nde. F\u00f6rdern Sie die Fantasie und das Umweltbewusstsein Ihrer Kinder mit diesen nachhaltigen Spielzeugautos!<br \/>Dieser Artikel wird einzeln verkauft. Dieser Artikel ist in verschiedenen Versionen verf\u00fcgbar. Sie erhalten eine zuf\u00e4lliges Set mit 2 Fahrzeugen.<br \/>Wenn Sie mehrere bestellen, liefern wir, sofern verf\u00fcgbar, einen Mix aus verschiedenen Sorten.<\/p>\n<p>Verpackungsgr\u00f6\u00dfe: ca. 26 x 11 x 9 cm<br \/>Altersempfehlung: Ab 3 Jahre<br \/>Material: Bio-Kunststoff<\/p>\n<p>Achtung! Nicht f\u00fcr Kinder unter 36 Monaten geeignet wegen verschluckbarer Kleinteile, Erstickungsgefahr.<\/p>\n","protected":false},"excerpt":{"rendered":"<p>Bio Kunststoff Autos.<\/p>\n","protected":false},"featured_media":18213,"comment_status":"closed","ping_status":"open","template":"","meta":[],"product_brand":[],"product_cat":[466],"product_tag":[],"class_list":{"0":"post-18212","1":"product","2":"type-product","3":"status-publish","4":"has-post-thumbnail","6":"product_cat-dienstfahrzeuge","8":"first","9":"instock","10":"shipping-taxable","11":"purchasable","12":"product-type-simple"},"_links":{"self":[{"href":"https:\/\/9play.de\/shop\/wp-json\/wp\/v2\/product\/18212","targetHints":{"allow":["GET"]}}],"collection":[{"href":"https:\/\/9play.de\/shop\/wp-json\/wp\/v2\/product"}],"about":[{"href":"https:\/\/9play.de\/shop\/wp-json\/wp\/v2\/types\/product"}],"replies":[{"embeddable":true,"href":"https:\/\/9play.de\/shop\/wp-json\/wp\/v2\/comments?post=18212"}],"wp:featuredmedia":[{"embeddable":true,"href":"https:\/\/9play.de\/shop\/wp-json\/wp\/v2\/media\/18213"}],"wp:attachment":[{"href":"https:\/\/9play.de\/shop\/wp-json\/wp\/v2\/media?parent=18212"}],"wp:term":[{"taxonomy":"product_brand","embeddable":true,"href":"https:\/\/9play.de\/shop\/wp-json\/wp\/v2\/product_brand?post=18212"},{"taxonomy":"product_cat","embeddable":true,"href":"https:\/\/9play.de\/shop\/wp-json\/wp\/v2\/product_cat?post=18212"},{"taxonomy":"product_tag","embeddable":true,"href":"https:\/\/9play.de\/shop\/wp-json\/wp\/v2\/product_tag?post=18212"}],"curies":[{"name":"wp","href":"https:\/\/api.w.org\/{rel}","templated":true}]}}