{"id":18274,"date":"2024-10-06T18:33:59","date_gmt":"2024-10-06T16:33:59","guid":{"rendered":"https:\/\/9play.de\/shop\/produkt\/strassenmalkreide-20-kreide-im-eimer-mit-einhorn-schablonen-6-kreide\/"},"modified":"2024-10-06T18:34:19","modified_gmt":"2024-10-06T16:34:19","slug":"strassenmalkreide-20-kreide-im-eimer-mit-einhorn-schablonen-6-kreide","status":"publish","type":"product","link":"https:\/\/9play.de\/shop\/produkt\/strassenmalkreide-20-kreide-im-eimer-mit-einhorn-schablonen-6-kreide\/","title":{"rendered":"Strassenmalkreide 20 Kreide im Eimer mit Einhorn Schablonen 6 Kreide"},"content":{"rendered":"<p>Entfessle deine Kreativit\u00e4t im Freien mit unserem magischen Kreideset!<br \/>Unser Set enth\u00e4lt einen Eimer mit 20 bunten Kreidest\u00fccken und dazu wundersch\u00f6ne Einhorn-Schablonen mit 6 zus\u00e4tzlichen Kreidest\u00fccken. Erschaffe kunstvolle Meisterwerke auf dem B\u00fcrgersteig oder auf der Tafel.<br \/>Lass deiner Vorstellungskraft freien Lauf und zaubere eine bunte Welt voller Einh\u00f6rner und Fantasie.<br \/>Hol dir jetzt unser Kreideset und erlebe grenzenlosen Malspa\u00df im Freien!<\/p>\n<p>Set Inhalt: 1x Eimer mit 20 Kreide, 4x Einhorn Schablonen mit 6 Kreide<br \/>Altersempfehlung: ab 3 Jahre<br \/>L\u00e4nge der Kreide im Eimer: ca. 10 cm<br \/>&nbsp;<\/p>\n<p>ACHTUNG! Nicht geeignet f\u00fcr Kinder unter 3 Jahren. Veschluckbare Kleinteile enthalten.<\/p>\n","protected":false},"excerpt":{"rendered":"<p>Lass deiner Vorstellungskraft freien Lauf und zaubere eine bunte Welt voller Einh\u00f6rner und Fantasie.<\/p>\n","protected":false},"featured_media":18275,"comment_status":"closed","ping_status":"open","template":"","meta":[],"product_brand":[],"product_cat":[543],"product_tag":[],"class_list":{"0":"post-18274","1":"product","2":"type-product","3":"status-publish","4":"has-post-thumbnail","6":"product_cat-kreide","8":"first","9":"instock","10":"shipping-taxable","11":"purchasable","12":"product-type-simple"},"_links":{"self":[{"href":"https:\/\/9play.de\/shop\/wp-json\/wp\/v2\/product\/18274","targetHints":{"allow":["GET"]}}],"collection":[{"href":"https:\/\/9play.de\/shop\/wp-json\/wp\/v2\/product"}],"about":[{"href":"https:\/\/9play.de\/shop\/wp-json\/wp\/v2\/types\/product"}],"replies":[{"embeddable":true,"href":"https:\/\/9play.de\/shop\/wp-json\/wp\/v2\/comments?post=18274"}],"wp:featuredmedia":[{"embeddable":true,"href":"https:\/\/9play.de\/shop\/wp-json\/wp\/v2\/media\/18275"}],"wp:attachment":[{"href":"https:\/\/9play.de\/shop\/wp-json\/wp\/v2\/media?parent=18274"}],"wp:term":[{"taxonomy":"product_brand","embeddable":true,"href":"https:\/\/9play.de\/shop\/wp-json\/wp\/v2\/product_brand?post=18274"},{"taxonomy":"product_cat","embeddable":true,"href":"https:\/\/9play.de\/shop\/wp-json\/wp\/v2\/product_cat?post=18274"},{"taxonomy":"product_tag","embeddable":true,"href":"https:\/\/9play.de\/shop\/wp-json\/wp\/v2\/product_tag?post=18274"}],"curies":[{"name":"wp","href":"https:\/\/api.w.org\/{rel}","templated":true}]}}