{"id":18293,"date":"2024-10-06T18:33:59","date_gmt":"2024-10-06T16:33:59","guid":{"rendered":"https:\/\/9play.de\/shop\/produkt\/xl-kinder-reisebus-spielzeugauto-mit-rueckzug\/"},"modified":"2024-10-06T18:34:30","modified_gmt":"2024-10-06T16:34:30","slug":"xl-kinder-reisebus-spielzeugauto-mit-rueckzug","status":"publish","type":"product","link":"https:\/\/9play.de\/shop\/produkt\/xl-kinder-reisebus-spielzeugauto-mit-rueckzug\/","title":{"rendered":"XL Kinder Reisebus Spielzeugauto mit R\u00fcckzug"},"content":{"rendered":"<p>Kinderspielzeug XL Reisebus mit R\u00fcckzugmotor.<br \/>Der Kinderspielzeug Reisebus mit R\u00fcckzugmotor bietet stundenlangen Spielspa\u00df f\u00fcr kleine Abenteurer.<br \/>Einfach aufziehen und loslassen &#8211; der Bus d\u00fcst auf jeder Oberfl\u00e4che davon!<br \/>Mit lebendigen Farben, lustigen Aufklebern und gro\u00dfen Fenstern regt er die Fantasie der Kinder an.<br \/>Hergestellt aus langlebigem Kunststoff, ist der Bus sicher und einfach zu bedienen.<br \/>Er f\u00f6rdert die motorischen F\u00e4higkeiten und regt Rollenspiele sowie soziales Lernen an.<br \/>Das perfekte Geschenk f\u00fcr Kinder ab drei Jahren, um ihre Abenteuerlust zu entfachen.<\/p>\n<p>Inhalt: 1 x Bus<br \/>Altersempfehlung: Ab 3 Jahre<br \/>Material: Kunststoff<br \/>Gr\u00f6\u00dfe: ca. 35 cm<\/p>\n<p>Achtung! Nicht f\u00fcr Kinder unter 36 Monaten geeignet wegen verschluckbarer Kleinteile, Erstickungsgefahr.<\/p>\n","protected":false},"excerpt":{"rendered":"<p>Reisebus mit R\u00fcckzug<\/p>\n","protected":false},"featured_media":18294,"comment_status":"closed","ping_status":"open","template":"","meta":[],"product_brand":[],"product_cat":[502],"product_tag":[],"class_list":{"0":"post-18293","1":"product","2":"type-product","3":"status-publish","4":"has-post-thumbnail","6":"product_cat-fahr-flugzeuge","8":"first","9":"instock","10":"shipping-taxable","11":"purchasable","12":"product-type-simple"},"_links":{"self":[{"href":"https:\/\/9play.de\/shop\/wp-json\/wp\/v2\/product\/18293","targetHints":{"allow":["GET"]}}],"collection":[{"href":"https:\/\/9play.de\/shop\/wp-json\/wp\/v2\/product"}],"about":[{"href":"https:\/\/9play.de\/shop\/wp-json\/wp\/v2\/types\/product"}],"replies":[{"embeddable":true,"href":"https:\/\/9play.de\/shop\/wp-json\/wp\/v2\/comments?post=18293"}],"wp:featuredmedia":[{"embeddable":true,"href":"https:\/\/9play.de\/shop\/wp-json\/wp\/v2\/media\/18294"}],"wp:attachment":[{"href":"https:\/\/9play.de\/shop\/wp-json\/wp\/v2\/media?parent=18293"}],"wp:term":[{"taxonomy":"product_brand","embeddable":true,"href":"https:\/\/9play.de\/shop\/wp-json\/wp\/v2\/product_brand?post=18293"},{"taxonomy":"product_cat","embeddable":true,"href":"https:\/\/9play.de\/shop\/wp-json\/wp\/v2\/product_cat?post=18293"},{"taxonomy":"product_tag","embeddable":true,"href":"https:\/\/9play.de\/shop\/wp-json\/wp\/v2\/product_tag?post=18293"}],"curies":[{"name":"wp","href":"https:\/\/api.w.org\/{rel}","templated":true}]}}