{"id":18370,"date":"2024-10-06T18:35:00","date_gmt":"2024-10-06T16:35:00","guid":{"rendered":"https:\/\/9play.de\/shop\/produkt\/wasserspielzeug-wassermuehle-wal-mit-saugnapf-baby-badewanne\/"},"modified":"2024-10-06T18:35:16","modified_gmt":"2024-10-06T16:35:16","slug":"wasserspielzeug-wassermuehle-wal-mit-saugnapf-baby-badewanne","status":"publish","type":"product","link":"https:\/\/9play.de\/shop\/produkt\/wasserspielzeug-wassermuehle-wal-mit-saugnapf-baby-badewanne\/","title":{"rendered":"Wasserspielzeug Wasserm\u00fchle Wal mit Saugnapf &#8211; Baby Badewanne"},"content":{"rendered":"<p>Mit diesem Badewannen Spielzeug-Set von Toi-Toys wird Ihr Kind soviel Spa\u00df am Baden haben, dass es gar nicht mehr Aufh\u00f6ren will zu Baden.<br \/>Ein sch\u00f6nes Bad macht Ihrem Kleinen immer Spa\u00df, aber mit diesem Little Stars-Badeset macht es noch mehr Spa\u00df.<br \/>Die Schaufel in Form einer lustigen Schildkr\u00f6te hat L\u00f6cher im Bauch, aus denen das Wasser langsam heraustropft, wenn man sie mit Wasser f\u00fcllt.<br \/>Sie k\u00f6nnen die Form auch als Eimer verwenden, um Wasser in die Walwasserm\u00fchle zu gie\u00dfen, die Sie mit ihrem Saugnapf an der Wand oder Badewanne befestigen k\u00f6nnen.<br \/>Dadurch drehen sich alle Zahnr\u00e4der und das Wasser flie\u00dft unten wieder heraus.<br \/>Mit dem praktischen Saugnapf kann das Spielzeug sicher an den Fliesen des Bads befestigt werden.<\/p>\n<p>Altersempfehlung: Ab 12 Monate<br \/>Material: Kunststoff<br \/>Verpackungsgr\u00f6\u00dfe: ca. 27 x 20 x 8 cm<\/p>\n<p>Achtung:&nbsp;Benutzung unter unmittelbarer Aufsicht von Erwachsenen.<\/p>\n","protected":false},"excerpt":{"rendered":"<p>Wasserm\u00fchle mit Saugnapf<\/p>\n","protected":false},"featured_media":18371,"comment_status":"closed","ping_status":"open","template":"","meta":[],"product_brand":[],"product_cat":[548],"product_tag":[],"class_list":{"0":"post-18370","1":"product","2":"type-product","3":"status-publish","4":"has-post-thumbnail","6":"product_cat-badspielzeug","8":"first","9":"instock","10":"shipping-taxable","11":"purchasable","12":"product-type-simple"},"_links":{"self":[{"href":"https:\/\/9play.de\/shop\/wp-json\/wp\/v2\/product\/18370","targetHints":{"allow":["GET"]}}],"collection":[{"href":"https:\/\/9play.de\/shop\/wp-json\/wp\/v2\/product"}],"about":[{"href":"https:\/\/9play.de\/shop\/wp-json\/wp\/v2\/types\/product"}],"replies":[{"embeddable":true,"href":"https:\/\/9play.de\/shop\/wp-json\/wp\/v2\/comments?post=18370"}],"wp:featuredmedia":[{"embeddable":true,"href":"https:\/\/9play.de\/shop\/wp-json\/wp\/v2\/media\/18371"}],"wp:attachment":[{"href":"https:\/\/9play.de\/shop\/wp-json\/wp\/v2\/media?parent=18370"}],"wp:term":[{"taxonomy":"product_brand","embeddable":true,"href":"https:\/\/9play.de\/shop\/wp-json\/wp\/v2\/product_brand?post=18370"},{"taxonomy":"product_cat","embeddable":true,"href":"https:\/\/9play.de\/shop\/wp-json\/wp\/v2\/product_cat?post=18370"},{"taxonomy":"product_tag","embeddable":true,"href":"https:\/\/9play.de\/shop\/wp-json\/wp\/v2\/product_tag?post=18370"}],"curies":[{"name":"wp","href":"https:\/\/api.w.org\/{rel}","templated":true}]}}