{"id":18380,"date":"2024-10-06T18:35:00","date_gmt":"2024-10-06T16:35:00","guid":{"rendered":"https:\/\/9play.de\/shop\/produkt\/baby-klopfbank-mit-3-rasselkugeln\/"},"modified":"2024-10-06T18:35:22","modified_gmt":"2024-10-06T16:35:22","slug":"baby-klopfbank-mit-3-rasselkugeln","status":"publish","type":"product","link":"https:\/\/9play.de\/shop\/produkt\/baby-klopfbank-mit-3-rasselkugeln\/","title":{"rendered":"Baby Klopfbank mit 3 Rasselkugeln"},"content":{"rendered":"<p>Die Baby-Klopfbank mit 3 Rasselkugeln ist ein spannendes und lehrreiches Spielzeug f\u00fcr Babys.<br \/>Diese Klopfbank besteht aus einem stabilen Rahmen mit drei L\u00f6chern und kommt mit drei bunten Rasselkugeln.<br \/>Die Klopfbank bietet eine unterhaltsame Art und Weise f\u00fcr Babys, ihre motorischen F\u00e4higkeiten zu entwickeln.<br \/>Ihr Baby kann die Rasselkugeln mit dem Hammer durch die passenden L\u00f6cher klopfen und dabei seine Hand-Augen-Koordination und Feinmotorik verbessern.<br \/>Jede Rasselkugel erzeugt dabei ein sanftes Rasselger\u00e4usch, das das Geh\u00f6r des Babys anspricht und seine akustische Wahrnehmung f\u00f6rdert.<br \/>Die bunten Farben der Kugeln und der Klopfbank helfen zudem dabei, die visuelle Stimulation des Babys zu verbessern.<br \/>Die Baby-Klopfbank ist aus hochwertigem Kunststoff gefertigt, das robust und sicher f\u00fcr das Baby ist.<br \/>Die abgerundeten Kanten sorgen f\u00fcr zus\u00e4tzliche Sicherheit beim Spielen.<br \/>Mit der Baby-Klopfbank mit 3 Rasselkugeln k\u00f6nnen Sie Ihr Baby spielerisch f\u00f6rdern und ihm stun-denlangen Spa\u00df bieten.<br \/>Dieses interaktive Spielzeug ist ideal f\u00fcr die sensorische Entwicklung und die F\u00f6rderung der Hand-Auge-Koordination Ihres Babys.<\/p>\n<p>Altersempfehlung: Ab 12 Monate<br \/>Material: Kunststoff<br \/>Gr\u00f6\u00dfe: ca. 26 cm<\/p>\n<p>Achtung! Benutzung unter unmittelbarer Aufsicht von Erwachsenen.<\/p>\n","protected":false},"excerpt":{"rendered":"<p>Baby-Klopfbank mit 3 Rasselkugeln<\/p>\n","protected":false},"featured_media":18381,"comment_status":"closed","ping_status":"open","template":"","meta":[],"product_brand":[],"product_cat":[446],"product_tag":[],"class_list":{"0":"post-18380","1":"product","2":"type-product","3":"status-publish","4":"has-post-thumbnail","6":"product_cat-babyspielzeug","8":"first","9":"instock","10":"shipping-taxable","11":"purchasable","12":"product-type-simple"},"_links":{"self":[{"href":"https:\/\/9play.de\/shop\/wp-json\/wp\/v2\/product\/18380","targetHints":{"allow":["GET"]}}],"collection":[{"href":"https:\/\/9play.de\/shop\/wp-json\/wp\/v2\/product"}],"about":[{"href":"https:\/\/9play.de\/shop\/wp-json\/wp\/v2\/types\/product"}],"replies":[{"embeddable":true,"href":"https:\/\/9play.de\/shop\/wp-json\/wp\/v2\/comments?post=18380"}],"wp:featuredmedia":[{"embeddable":true,"href":"https:\/\/9play.de\/shop\/wp-json\/wp\/v2\/media\/18381"}],"wp:attachment":[{"href":"https:\/\/9play.de\/shop\/wp-json\/wp\/v2\/media?parent=18380"}],"wp:term":[{"taxonomy":"product_brand","embeddable":true,"href":"https:\/\/9play.de\/shop\/wp-json\/wp\/v2\/product_brand?post=18380"},{"taxonomy":"product_cat","embeddable":true,"href":"https:\/\/9play.de\/shop\/wp-json\/wp\/v2\/product_cat?post=18380"},{"taxonomy":"product_tag","embeddable":true,"href":"https:\/\/9play.de\/shop\/wp-json\/wp\/v2\/product_tag?post=18380"}],"curies":[{"name":"wp","href":"https:\/\/api.w.org\/{rel}","templated":true}]}}