{"id":18461,"date":"2024-10-06T18:35:49","date_gmt":"2024-10-06T16:35:49","guid":{"rendered":"https:\/\/9play.de\/shop\/produkt\/einhorn-haarbuerste-youre-special\/"},"modified":"2024-10-06T18:36:09","modified_gmt":"2024-10-06T16:36:09","slug":"einhorn-haarbuerste-youre-special","status":"publish","type":"product","link":"https:\/\/9play.de\/shop\/produkt\/einhorn-haarbuerste-youre-special\/","title":{"rendered":"Einhorn Haarb\u00fcrste you&#8217;re special"},"content":{"rendered":"<p>Verzaubern Sie das Haar Ihres kleinen Lieblings mit unserer entz\u00fcckenden Kinder Haarb\u00fcrste mit Einhorn Motiv!<br \/>Diese zauberhafte B\u00fcrste wurde speziell entwickelt, um das Haar Ihres Kindes sanft zu entwirren und gleichzeitig Freude und Begeisterung zu wecken. Das Highlight dieser B\u00fcrste ist das niedliche Einhorn Motiv, das die Fantasie Ihres Kindes befl\u00fcgeln wird. Das bunte und detailreiche Design spricht die kindliche Vorstellungskraft an und macht das Haare k\u00e4mmen zu einem lustigen und spielerischen Erlebnis. Sorgen Sie f\u00fcr gl\u00fcckliche und bezaubernde Momente im Alltag, w\u00e4hrend Ihr Kind von Einh\u00f6rnern und ihrer Magie umgeben ist!<\/p>\n<p>Info: Artikel ist sortiert, die Auswahl erfolgt per Zufall. Oder Wunschfarbe bei der Bestellung im Kommentar erw\u00e4hnen.<\/p>\n<p>Inhalt: 1x Haarb\u00fcrste<br \/>Altersempfehlung: ab 3 Jahre<br \/>Gr\u00f6\u00dfe: ca. 21 x 6,3 cm<br \/>Material: Kunststoff<\/p>\n<p>Info: Artikel ist sortiert, die Auswahl erfolgt per Zufall. Oder Wunschfarbe bei der Bestellung im Kommentar erw\u00e4hnen.<\/p>\n<p>Achtung: Nicht f\u00fcr Kinder unter 36 Monaten geeignet wegen verschluckbarer Kleinteile, Erstickungsgefahr.<\/p>\n","protected":false},"excerpt":{"rendered":"<p>Machen Sie das Haare k\u00e4mmen zu einem magischen Moment f\u00fcr Ihr Kind und schenken Sie ihm diese entz\u00fcckende Einhorn Haarb\u00fcrste.<\/p>\n","protected":false},"featured_media":18462,"comment_status":"closed","ping_status":"open","template":"","meta":[],"product_brand":[],"product_cat":[506],"product_tag":[],"class_list":{"0":"post-18461","1":"product","2":"type-product","3":"status-publish","4":"has-post-thumbnail","6":"product_cat-beauty-set","8":"first","9":"instock","10":"shipping-taxable","11":"purchasable","12":"product-type-simple"},"_links":{"self":[{"href":"https:\/\/9play.de\/shop\/wp-json\/wp\/v2\/product\/18461","targetHints":{"allow":["GET"]}}],"collection":[{"href":"https:\/\/9play.de\/shop\/wp-json\/wp\/v2\/product"}],"about":[{"href":"https:\/\/9play.de\/shop\/wp-json\/wp\/v2\/types\/product"}],"replies":[{"embeddable":true,"href":"https:\/\/9play.de\/shop\/wp-json\/wp\/v2\/comments?post=18461"}],"wp:featuredmedia":[{"embeddable":true,"href":"https:\/\/9play.de\/shop\/wp-json\/wp\/v2\/media\/18462"}],"wp:attachment":[{"href":"https:\/\/9play.de\/shop\/wp-json\/wp\/v2\/media?parent=18461"}],"wp:term":[{"taxonomy":"product_brand","embeddable":true,"href":"https:\/\/9play.de\/shop\/wp-json\/wp\/v2\/product_brand?post=18461"},{"taxonomy":"product_cat","embeddable":true,"href":"https:\/\/9play.de\/shop\/wp-json\/wp\/v2\/product_cat?post=18461"},{"taxonomy":"product_tag","embeddable":true,"href":"https:\/\/9play.de\/shop\/wp-json\/wp\/v2\/product_tag?post=18461"}],"curies":[{"name":"wp","href":"https:\/\/api.w.org\/{rel}","templated":true}]}}