{"id":18477,"date":"2024-10-06T18:36:16","date_gmt":"2024-10-06T16:36:16","guid":{"rendered":"https:\/\/9play.de\/shop\/produkt\/einhorn-portemonnaie-sweet-dreams-geldboerse\/"},"modified":"2024-10-06T18:36:18","modified_gmt":"2024-10-06T16:36:18","slug":"einhorn-portemonnaie-sweet-dreams-geldboerse","status":"publish","type":"product","link":"https:\/\/9play.de\/shop\/produkt\/einhorn-portemonnaie-sweet-dreams-geldboerse\/","title":{"rendered":"Einhorn Portemonnaie sweet dreams Geldb\u00f6rse"},"content":{"rendered":"<p>Das magische Einhorn-Portemonnaie f\u00fcr Kinder ist das perfekte Accessoire, um Ihrem kleinen Liebling den Zauber der Finanzen n\u00e4herzubringen!<br \/>Mit einem entz\u00fcckenden Einhorn-Motiv und leuchtenden Farben wird dieses Portemonnaie die Fantasie Ihres Kindes befl\u00fcgeln und es in eine m\u00e4rchenhafte Welt entf\u00fchren.<br \/>Unser Portemonnaie besteht aus hochwertigem, langlebigem Material, das den t\u00e4glichen Abenteuern Ihres Kindes standh\u00e4lt.<br \/>Es ist kompakt und kinderleicht zu bedienen, damit Ihr Liebling stolz seine eigenen M\u00fcnzen, Scheine und vielleicht sogar kleine Sch\u00e4tze aufbewahren kann.<br \/>Ob f\u00fcr den Schulausflug, den Spielplatz oder den Einkaufsbummel mit der Familie &#8211; unser Einhorn-Portemonnaie wird \u00fcberall zum Hingucker und Begleiter Ihres Kindes.<br \/>Zudem eignet es sich auch hervorragend als Geschenk f\u00fcr den n\u00e4chsten Kindergeburtstag oder zu besonderen Anl\u00e4ssen.<br \/>Tauchen Sie gemeinsam mit Ihrem Kind ein in die zauberhafte Welt des Einhorns und bereiten Sie ihm eine Freude mit diesem bezaubernden Kinder-Portemonnaie!<\/p>\n<p>Inhalt: 1x Portemonnaie<br \/>Altersempfehlung: ab 3 Jahre<br \/>Gr\u00f6\u00dfe: ca. 10&nbsp;x 10&nbsp;x 1cm<br \/>Material: 100% Polyester<\/p>\n<p>Achtung: Nicht f\u00fcr Kinder unter 36 Monaten geeignet wegen verschluckbarer Kleinteile, Erstickungsgefahr.<\/p>\n","protected":false},"excerpt":{"rendered":"<p>Ob f\u00fcr den Schulausflug, den Spielplatz oder den Einkaufsbummel mit der Familie &#8211; unser Einhorn-Portemonnaie wird \u00fcberall zum Hingucker und Begleiter Ihres Kindes.<\/p>\n","protected":false},"featured_media":18478,"comment_status":"closed","ping_status":"open","template":"","meta":[],"product_brand":[],"product_cat":[515],"product_tag":[],"class_list":{"0":"post-18477","1":"product","2":"type-product","3":"status-publish","4":"has-post-thumbnail","6":"product_cat-geldboersen","8":"first","9":"instock","10":"shipping-taxable","11":"purchasable","12":"product-type-simple"},"_links":{"self":[{"href":"https:\/\/9play.de\/shop\/wp-json\/wp\/v2\/product\/18477","targetHints":{"allow":["GET"]}}],"collection":[{"href":"https:\/\/9play.de\/shop\/wp-json\/wp\/v2\/product"}],"about":[{"href":"https:\/\/9play.de\/shop\/wp-json\/wp\/v2\/types\/product"}],"replies":[{"embeddable":true,"href":"https:\/\/9play.de\/shop\/wp-json\/wp\/v2\/comments?post=18477"}],"wp:featuredmedia":[{"embeddable":true,"href":"https:\/\/9play.de\/shop\/wp-json\/wp\/v2\/media\/18478"}],"wp:attachment":[{"href":"https:\/\/9play.de\/shop\/wp-json\/wp\/v2\/media?parent=18477"}],"wp:term":[{"taxonomy":"product_brand","embeddable":true,"href":"https:\/\/9play.de\/shop\/wp-json\/wp\/v2\/product_brand?post=18477"},{"taxonomy":"product_cat","embeddable":true,"href":"https:\/\/9play.de\/shop\/wp-json\/wp\/v2\/product_cat?post=18477"},{"taxonomy":"product_tag","embeddable":true,"href":"https:\/\/9play.de\/shop\/wp-json\/wp\/v2\/product_tag?post=18477"}],"curies":[{"name":"wp","href":"https:\/\/api.w.org\/{rel}","templated":true}]}}