{"id":18708,"date":"2024-10-06T18:38:00","date_gmt":"2024-10-06T16:38:00","guid":{"rendered":"https:\/\/9play.de\/shop\/produkt\/wissenschaft-elektromagnetismus-baue-einen-elektromagnet\/"},"modified":"2024-10-06T18:38:49","modified_gmt":"2024-10-06T16:38:49","slug":"wissenschaft-elektromagnetismus-baue-einen-elektromagnet","status":"publish","type":"product","link":"https:\/\/9play.de\/shop\/produkt\/wissenschaft-elektromagnetismus-baue-einen-elektromagnet\/","title":{"rendered":"Wissenschaft Elektromagnetismus baue einen Elektromagnet"},"content":{"rendered":"<p>Kinder k\u00f6nnen mit diesem Set nicht nur Spa\u00df haben, sondern auch die Grundlagen der Elektrizit\u00e4t und des Magnetismus verstehen.<br \/>Sie lernen, wie Elektromagneten funktionieren und wie sie Magnetfelder erzeugen k\u00f6nnen. Unser Experiment-Set ist sicher und kinderfreundlich gestaltet.<br \/>Es enth\u00e4lt alle notwendigen Komponenten und eine leicht verst\u00e4ndliche Anleitung, die Schritt f\u00fcr Schritt durch den Bau des Elektromagneten f\u00fchrt.<br \/>Es f\u00f6rdert das eigenst\u00e4ndige Lernen und die Probleml\u00f6sungsf\u00e4higkeiten.<br \/>Nachdem der Elektromagnet gebaut ist, k\u00f6nnen Kinder damit experimentieren und verschiedene Gegenst\u00e4nde anziehen und absto\u00dfen.<br \/>Sie k\u00f6nnen ihre eigenen Experimente durchf\u00fchren und die erstaunlichen Eigenschaften von Magneten erkunden.<\/p>\n<p>Unser DIY Elektromagnet Experiment-Set ist ein lehrreiches und unterhaltsames Spielzeug, das Kinder in die Welt der Wissenschaft einf\u00fchrt.<br \/>Es f\u00f6rdert das kritische Denken, die Neugier und die Experimentierfreude.<br \/>Bestellen Sie dieses Set heute und erm\u00f6glichen Sie Ihrem Kind, die faszinierende Welt der Elektrizit\u00e4t und des Magnetismus zu entdecken!<\/p>\n<p>Inhalt: Verkehrsampel Set (ca. 10 Teile)<br \/>Altersempfehlung: ab 8 Jahre<br \/>Material: Kunststoff, Metall<br \/>Verpackung: ca. 13,5 x 6,5 x 15,5 cm<br \/>Stromversorgung: Batterie (Im Lieferumfang nicht enthalten)<\/p>\n<p>Achtung: Nicht f\u00fcr Kinder unter 36 Monaten geeignet wegen verschluckbarer Kleinteile, Erstickungsgefahr.<\/p>\n<p>Hinweis zur Entsorgung von Altbatterien<br \/>Der nachfolgende Hinweis richtet sich an diejenigen, die Batterien oder Produkte mit eingebauten Batterien nutzen und in der an sie gelieferten Form nicht mehr weiterver\u00e4u\u00dfern (Endnutzer): 1. Unentgeltliche R\u00fccknahme von Altbatterien Batterien d\u00fcrfen nicht \u00fcber den Hausm\u00fcll entsorgt werden. Sie sind zur R\u00fcckgabe von Altbatterien gesetzlich verpflichtet, damit eine fachgerechte Entsorgung gew\u00e4hrleistet werden kann. Sie k\u00f6nnen Altbatterien an einer kommunalen Sammelstelle oder im Handel vor Ort abgeben. Auch wir sind als Vertreiber von Batterien zur R\u00fccknahme von Altbatterien verpflichtet, wobei sich unsere R\u00fccknahmeverpflichtung auf Altbatterien der Art beschr\u00e4nkt, die wir als Neubatterien in unserem Sortiment f\u00fchren oder gef\u00fchrt haben. Altbatterien vorgenannter Art k\u00f6nnen Sie daher entweder ausreichend frankiert an uns zur\u00fccksenden oder sie direkt an unserem Versandlager unter der im Impressum genannten Adresse unentgeltlich abgeben. 2. Bedeutung der Batteriesymbole Batterien sind mit dem Symbol einer durchgekreuzten M\u00fclltonne gekennzeichnet. Dieses Symbol weist darauf hin, dass Batterien nicht in den Hausm\u00fcll gegeben werden d\u00fcrfen. Bei Batterien, die mehr als 0,0005 Masseprozent Quecksilber, mehr als 0,002 Masseprozent Cadmium oder mehr als 0,004 Masseprozent Blei enthalten, befindet sich unter dem M\u00fclltonnen-Symbol die chemische Bezeichnung des jeweils eingesetzten Schadstoffes \u2013 dabei steht &#8222;Cd&#8220; f\u00fcr Cadmium, &#8222;Pb&#8220; steht f\u00fcr Blei, und &#8222;Hg&#8220; f\u00fcr Quecksilber.<\/p>\n","protected":false},"excerpt":{"rendered":"<p>Kinder k\u00f6nnen mit diesem Set nicht nur Spa\u00df haben, sondern auch die Grundlagen der Elektrizit\u00e4t und des Magnetismus verstehen.<\/p>\n","protected":false},"featured_media":18709,"comment_status":"closed","ping_status":"open","template":"","meta":[],"product_brand":[],"product_cat":[555],"product_tag":[],"class_list":{"0":"post-18708","1":"product","2":"type-product","3":"status-publish","4":"has-post-thumbnail","6":"product_cat-magnete","8":"first","9":"instock","10":"shipping-taxable","11":"purchasable","12":"product-type-simple"},"_links":{"self":[{"href":"https:\/\/9play.de\/shop\/wp-json\/wp\/v2\/product\/18708","targetHints":{"allow":["GET"]}}],"collection":[{"href":"https:\/\/9play.de\/shop\/wp-json\/wp\/v2\/product"}],"about":[{"href":"https:\/\/9play.de\/shop\/wp-json\/wp\/v2\/types\/product"}],"replies":[{"embeddable":true,"href":"https:\/\/9play.de\/shop\/wp-json\/wp\/v2\/comments?post=18708"}],"wp:featuredmedia":[{"embeddable":true,"href":"https:\/\/9play.de\/shop\/wp-json\/wp\/v2\/media\/18709"}],"wp:attachment":[{"href":"https:\/\/9play.de\/shop\/wp-json\/wp\/v2\/media?parent=18708"}],"wp:term":[{"taxonomy":"product_brand","embeddable":true,"href":"https:\/\/9play.de\/shop\/wp-json\/wp\/v2\/product_brand?post=18708"},{"taxonomy":"product_cat","embeddable":true,"href":"https:\/\/9play.de\/shop\/wp-json\/wp\/v2\/product_cat?post=18708"},{"taxonomy":"product_tag","embeddable":true,"href":"https:\/\/9play.de\/shop\/wp-json\/wp\/v2\/product_tag?post=18708"}],"curies":[{"name":"wp","href":"https:\/\/api.w.org\/{rel}","templated":true}]}}