{"id":18831,"date":"2024-10-06T18:39:45","date_gmt":"2024-10-06T16:39:45","guid":{"rendered":"https:\/\/9play.de\/shop\/produkt\/barbie-geschichten-slider-projektor-taschenlampe\/"},"modified":"2024-10-06T18:40:12","modified_gmt":"2024-10-06T16:40:12","slug":"barbie-geschichten-slider-projektor-taschenlampe","status":"publish","type":"product","link":"https:\/\/9play.de\/shop\/produkt\/barbie-geschichten-slider-projektor-taschenlampe\/","title":{"rendered":"Barbie Geschichten Slider Projektor Taschenlampe"},"content":{"rendered":"<p>Entdecken Sie die faszinierende Welt von Barbie mit unserem Barbie Slider Projektor in Taschenlampenform!<br \/>Mitgeliefert werden 3 Discs, jede mit 8 beeindruckenden Barbie-Bildern, die in einer logischen Reihenfolge aufleuchten.<br \/>Ihr Kind kann m\u00fchelos eigene Geschichten erstellen, indem es die Discs wechselt und die Bilder projiziert.<br \/>Das Schlafzimmer wird so zur B\u00fchne f\u00fcr unz\u00e4hlige Barbie-Abenteuer!<\/p>\n<p>Der Projektor kann auch im Handumdrehen zur praktischen LED-Taschenlampe werden.<br \/>Das sanfte wei\u00dfe Licht schafft eine angenehme Atmosph\u00e4re im Kinderzimmer und dient gleichzeitig als Nachtlicht.<br \/>F\u00f6rdern Sie die Kreativit\u00e4t Ihres Kindes und lassen Sie es mit dem Barbie Slider Projektor neue Geschichten entdecken.<br \/>Ein 2-in-1-Spielzeug, das nicht nur Spa\u00df macht, sondern auch die Vorstellungskraft befl\u00fcgelt!<br \/>Projiziert Barbie-Bilder mit den 3 mitgelieferten Discs (24 Bilder) 2-in-1, verwandelt sich auch in eine sehr LED-Taschenlampe.&nbsp;<\/p>\n<p>Leibesumfang: 1x Taschenlampe (Projektor), 3 Disk mit je 8 Bildern&nbsp;<br \/>Altersempfehlung: ab 3 Jahre.<br \/>Material: Kunststof&nbsp;<br \/>Gr\u00f6\u00dfe: ca. 3.7&nbsp;x 3.7&nbsp;x 11.5 cm<br \/>Stromversorgung: 3 Batterien AG13\/LR44 (im Lieferumfang nicht enthalten).<\/p>\n<p>Achtung: Nicht f\u00fcr Kinder unter 36 Monaten geeignet wegen verschluckbarer Kleinteile, Erstickungsgefahr.<\/p>\n<p>Hinweis zur Entsorgung von Altbatterien<\/p>\n<p>Der nachfolgende Hinweis richtet sich an diejenigen, die Batterien oder Produkte mit eingebauten Batterien nutzen und in der an sie gelieferten Form nicht mehr weiterver\u00e4u\u00dfern (Endnutzer): 1. Unentgeltliche R\u00fccknahme von Altbatterien Batterien d\u00fcrfen nicht \u00fcber den Hausm\u00fcll entsorgt werden. Sie sind zur R\u00fcckgabe von Altbatterien gesetzlich verpflichtet, damit eine fachgerechte Entsorgung gew\u00e4hrleistet werden kann. Sie k\u00f6nnen Altbatterien an einer kommunalen Sammelstelle oder im Handel vor Ort abgeben. Auch wir sind als Vertreiber von Batterien zur R\u00fccknahme von Altbatterien verpflichtet, wobei sich unsere R\u00fccknahmeverpflichtung auf Altbatterien der Art beschr\u00e4nkt, die wir als Neubatterien in unserem Sortiment f\u00fchren oder gef\u00fchrt haben. Altbatterien vorgenannter Art k\u00f6nnen Sie daher entweder ausreichend frankiert an uns zur\u00fccksenden oder sie direkt an unserem Versandlager unter der im Impressum genannten Adresse unentgeltlich abgeben. 2. Bedeutung der Batteriesymbole Batterien sind mit dem Symbol einer durchgekreuzten M\u00fclltonne gekennzeichnet. Dieses Symbol weist darauf hin, dass Batterien nicht in den Hausm\u00fcll gegeben werden d\u00fcrfen. Bei Batterien, die mehr als 0,0005 Masseprozent Quecksilber, mehr als 0,002 Masseprozent Cadmium oder mehr als 0,004 Masseprozent Blei enthalten, befindet sich unter dem M\u00fclltonnen-Symbol die chemische Bezeichnung des jeweils eingesetzten Schadstoffes \u2013 dabei steht &#8222;Cd&#8220; f\u00fcr Cadmium, &#8222;Pb&#8220; steht f\u00fcr Blei, und &#8222;Hg&#8220; f\u00fcr Quecksilber.<\/p>\n","protected":false},"excerpt":{"rendered":"<p>Ein 2-in-1-Spielzeug, das nicht nur Spa\u00df macht, sondern auch die Vorstellungskraft befl\u00fcgelt!<\/p>\n","protected":false},"featured_media":18832,"comment_status":"closed","ping_status":"open","template":"","meta":[],"product_brand":[],"product_cat":[499],"product_tag":[],"class_list":{"0":"post-18831","1":"product","2":"type-product","3":"status-publish","4":"has-post-thumbnail","6":"product_cat-projektoren-taschenlampen","8":"first","9":"instock","10":"shipping-taxable","11":"purchasable","12":"product-type-simple"},"_links":{"self":[{"href":"https:\/\/9play.de\/shop\/wp-json\/wp\/v2\/product\/18831","targetHints":{"allow":["GET"]}}],"collection":[{"href":"https:\/\/9play.de\/shop\/wp-json\/wp\/v2\/product"}],"about":[{"href":"https:\/\/9play.de\/shop\/wp-json\/wp\/v2\/types\/product"}],"replies":[{"embeddable":true,"href":"https:\/\/9play.de\/shop\/wp-json\/wp\/v2\/comments?post=18831"}],"wp:featuredmedia":[{"embeddable":true,"href":"https:\/\/9play.de\/shop\/wp-json\/wp\/v2\/media\/18832"}],"wp:attachment":[{"href":"https:\/\/9play.de\/shop\/wp-json\/wp\/v2\/media?parent=18831"}],"wp:term":[{"taxonomy":"product_brand","embeddable":true,"href":"https:\/\/9play.de\/shop\/wp-json\/wp\/v2\/product_brand?post=18831"},{"taxonomy":"product_cat","embeddable":true,"href":"https:\/\/9play.de\/shop\/wp-json\/wp\/v2\/product_cat?post=18831"},{"taxonomy":"product_tag","embeddable":true,"href":"https:\/\/9play.de\/shop\/wp-json\/wp\/v2\/product_tag?post=18831"}],"curies":[{"name":"wp","href":"https:\/\/api.w.org\/{rel}","templated":true}]}}