{"id":19081,"date":"2024-10-06T18:42:44","date_gmt":"2024-10-06T16:42:44","guid":{"rendered":"https:\/\/9play.de\/shop\/produkt\/cyklone-monster-truck-24-ghz-2-kanal-funk-fernbedienung\/"},"modified":"2024-10-06T18:42:57","modified_gmt":"2024-10-06T16:42:57","slug":"cyklone-monster-truck-24-ghz-2-kanal-funk-fernbedienung","status":"publish","type":"product","link":"https:\/\/9play.de\/shop\/produkt\/cyklone-monster-truck-24-ghz-2-kanal-funk-fernbedienung\/","title":{"rendered":"Cyklone Monster Truck 2,4 GHz 2-Kanal Funk-Fernbedienung"},"content":{"rendered":"<p>Mit seinem einzigartigen Raddesign, das mit 32 einzelnen Rollen ausgestattet ist, beherrscht der Cyklone Monster Truck coole Drifts wie kein anderer.<br \/>Die 2,4 GHz Frequenz erm\u00f6glicht eine reibungslose und st\u00f6rungsfreie Steuerung des Fahrzeugs mit einer beeindruckenden Reichweite von ca. 35 Metern.<br \/>Der Cyklone Monster Truck ist speziell f\u00fcr junge Driftkings ab 5 Jahren konzipiert und punktet mit einer kinderleichten Bedienung.<br \/>Mit einer Geschwindigkeit von ca. 5,4 km\/h bietet er die perfekte Balance zwischen aufregendem Tempo und sicherer Kontrolle f\u00fcr die kleinen Fahrer.<br \/>Die 2-Kanal Funk-Fernbedienung erm\u00f6glicht pr\u00e4zise Man\u00f6ver, w\u00e4hrend die robuste Bauweise des Trucks sicherstellt, dass er problemlos jedes Abenteuer auf dem Spielfeld oder im Garten \u00fcbersteht.<br \/>Erobere die Stra\u00dfen und lasse den Cyklone Monster Truck zu deinem ultimativen Begleiter f\u00fcr Rennspa\u00df werden!<br \/>Hole dir den Cyklone Monster Truck noch heute und erlebe unvergessliche Driftmomente voller Action und Adrenalin!<\/p>\n<p>Lieferumfang: 1x Fahrzeug<br \/>Geschwindigkeit: bis zu 5,4 km\/h<br \/>Reichweite: bis zu 35m<br \/>Frequenz: 2,4 GHz<br \/>Verpackungsgr\u00f6\u00dfe: ca. 27 x 14 x 13 cm<br \/>Material: Kunststoff<br \/>Altersfreigabe: ab 5 Jahre<br \/>Stromversorgung: Batterie (im Lieferumfang nicht enthalten)<\/p>\n<p>Achtung: Nicht f\u00fcr Kinder unter 36 Monaten geeignet wegen verschluckbarer Kleinteile, Erstickungsgefahr.<\/p>\n<p>Hinweis zur Entsorgung von Altbatterien<\/p>\n<p>Der nachfolgende Hinweis richtet sich an diejenigen, die Batterien oder Produkte mit eingebauten Batterien nutzen und in der an sie gelieferten Form nicht mehr weiterver\u00e4u\u00dfern (Endnutzer):<\/p>\n<p>1. Unentgeltliche R\u00fccknahme von Altbatterien<\/p>\n<p>Batterien d\u00fcrfen nicht \u00fcber den Hausm\u00fcll entsorgt werden. Sie sind zur R\u00fcckgabe von Altbatterien gesetzlich verpflichtet, damit eine fachgerechte Entsorgung gew\u00e4hrleistet werden kann. Sie k\u00f6nnen Altbatterien an einer kommunalen Sammelstelle oder im Handel vor Ort abgeben. Auch wir sind als Vertreiber von Batterien zur R\u00fccknahme von Altbatterien verpflichtet, wobei sich unsere R\u00fccknahmeverpflichtung auf Altbatterien der Art beschr\u00e4nkt, die wir als Neubatterien in unserem Sortiment f\u00fchren oder gef\u00fchrt haben. Altbatterien vorgenannter Art k\u00f6nnen Sie daher entweder ausreichend frankiert an uns zur\u00fccksenden oder sie direkt an unserem Versandlager unter der im Impressum genannten Adresse unentgeltlich abgeben.<\/p>\n<p>2. Bedeutung der Batteriesymbole<\/p>\n<p>Batterien sind mit dem Symbol einer durchgekreuzten M\u00fclltonne gekennzeichnet. Dieses Symbol weist darauf hin, dass Batterien nicht in den Hausm\u00fcll gegeben werden d\u00fcrfen. Bei Batterien, die mehr als 0,0005 Masseprozent Quecksilber, mehr als 0,002 Masseprozent Cadmium oder mehr als 0,004 Masseprozent Blei enthalten, befindet sich unter dem M\u00fclltonnen-Symbol die chemische Bezeichnung des jeweils eingesetzten Schadstoffes \u2013 dabei steht &#8222;Cd&#8220; f\u00fcr Cadmium, &#8222;Pb&#8220; steht f\u00fcr Blei, und &#8222;Hg&#8220; f\u00fcr Quecksilber.<\/p>\n<p>&nbsp;<\/p>\n","protected":false},"excerpt":{"rendered":"<p>Dieses ferngesteuerte Fahrzeug bringt die Action direkt in die H\u00e4nde kleiner Rennfahrer und verspricht stundenlangen Spielspa\u00df.<\/p>\n","protected":false},"featured_media":19082,"comment_status":"closed","ping_status":"open","template":"","meta":[],"product_brand":[],"product_cat":[560],"product_tag":[],"class_list":{"0":"post-19081","1":"product","2":"type-product","3":"status-publish","4":"has-post-thumbnail","6":"product_cat-rc-fahrzeuge","8":"first","9":"instock","10":"shipping-taxable","11":"purchasable","12":"product-type-simple"},"_links":{"self":[{"href":"https:\/\/9play.de\/shop\/wp-json\/wp\/v2\/product\/19081","targetHints":{"allow":["GET"]}}],"collection":[{"href":"https:\/\/9play.de\/shop\/wp-json\/wp\/v2\/product"}],"about":[{"href":"https:\/\/9play.de\/shop\/wp-json\/wp\/v2\/types\/product"}],"replies":[{"embeddable":true,"href":"https:\/\/9play.de\/shop\/wp-json\/wp\/v2\/comments?post=19081"}],"wp:featuredmedia":[{"embeddable":true,"href":"https:\/\/9play.de\/shop\/wp-json\/wp\/v2\/media\/19082"}],"wp:attachment":[{"href":"https:\/\/9play.de\/shop\/wp-json\/wp\/v2\/media?parent=19081"}],"wp:term":[{"taxonomy":"product_brand","embeddable":true,"href":"https:\/\/9play.de\/shop\/wp-json\/wp\/v2\/product_brand?post=19081"},{"taxonomy":"product_cat","embeddable":true,"href":"https:\/\/9play.de\/shop\/wp-json\/wp\/v2\/product_cat?post=19081"},{"taxonomy":"product_tag","embeddable":true,"href":"https:\/\/9play.de\/shop\/wp-json\/wp\/v2\/product_tag?post=19081"}],"curies":[{"name":"wp","href":"https:\/\/api.w.org\/{rel}","templated":true}]}}