{"id":19438,"date":"2024-10-06T18:46:41","date_gmt":"2024-10-06T16:46:41","guid":{"rendered":"https:\/\/9play.de\/shop\/produkt\/rucksack-classy-plus-ergonomisches-schulranzen-set-5-teilig-ice-blue\/"},"modified":"2024-10-06T18:47:55","modified_gmt":"2024-10-06T16:47:55","slug":"rucksack-classy-plus-ergonomisches-schulranzen-set-5-teilig-ice-blue","status":"publish","type":"product","link":"https:\/\/9play.de\/shop\/produkt\/rucksack-classy-plus-ergonomisches-schulranzen-set-5-teilig-ice-blue\/","title":{"rendered":"Rucksack Classy Plus ergonomisches Schulranzen-Set 5-teilig Ice Blue"},"content":{"rendered":"<p>Altersepfehlung:&nbsp;Grundschule, von 1. bis 3. &#8211; Klasse zwischen 6 und 9 Jahren<br \/><strong>Schulranzen-Set enth\u00e4lt:<\/strong><br \/>&#8211; Schulranzen<br \/>&#8211; Federm\u00e4ppchen (ungef\u00fcllt)<br \/>&#8211; Schlamperm\u00e4ppchen<br \/>&#8211; Turnbeutel<br \/>&#8211; 3-teiliges Patch Set<br \/>&#8211; Schl\u00fcsselanh\u00e4nger<br \/><strong>Innenfl\u00e4che:<\/strong>&nbsp;<br \/>&#8211; Volumen: 19 L<br \/>&#8211; Fronttasche bietet gen\u00fcgend Platz f\u00fcr Federm\u00e4ppchen<br \/>&#8211; Zwei innere Trennw\u00e4nde, um alles an seinem Platz und organisiert zu halten.<br \/>&#8211; Frontfach mit mehreren kleinen F\u00e4chern f\u00fcr Schere, kleinere Hefte und Schl\u00fcssel<br \/>&#8211; Stundenplanhalter innerhalb des Deckels<br \/>&#8211; Zwei Seitenf\u00e4cher f\u00fcr Trinkflaschen (bis 0,7 L) und Regenschirm<br \/><strong>Ergonomie:<\/strong><br \/>&#8211; Ergonomische Form und atmungsaktive R\u00fcckenpolsterung sorgen daf\u00fcr, dass der Druck auf den R\u00fccken der Kinder minimiert wird<br \/>&#8211; Brustgurt sorgt f\u00fcr optimale Lastverteilung &#8211; Abnehmbarer H\u00fcftgurt (kann zus\u00e4tzlich erworben werden)<br \/>&#8211; Bequeme, gut gepolsterte S-f\u00f6rmige Schultergurte, die an zwei Punkten verstellbar sind (oben und unten) f\u00fcr die perfekte Passform<br \/>&#8211; Gut gepolsterte R\u00fcckwand sorgt f\u00fcr angenehmen Tragekomfort<br \/>&#8211; \u201eGepr\u00fcft &amp; empfohlen\u201c von der Aktion Gesunder R\u00fccken e.V., AGR<br \/><strong>Haltbarkeit:<\/strong><br \/>&#8211; Verst\u00e4rkungen an allen Seiten<br \/>&#8211; Der starke Unterboden aus Kunststoff dient einem dreifachen Zweck: sichert die Stabilit\u00e4t, ist schmutz- und wasserabweisend und sorgt f\u00fcr die Langlebigkeit der Tasche<br \/>&#8211; Hergestellt aus wasserabweisenden Polyesterstoffen<br \/><strong>Design:<\/strong>&nbsp;<br \/>&#8211; Bedrucktes&nbsp;Set mit&nbsp;3 austauschbaren Patches, die auf die Vordertasche, den Deckel und auf das Federm\u00e4ppchen geklebt werden k\u00f6nnen<br \/>&#8211; Lebendige und bunte Motive<br \/>&#8211; entworfen und produziert in Europa<br \/><strong>Sicherheit:<\/strong><br \/>&#8211; Reflektierende Elemente an allen Seiten des Ranzens f\u00fcr bessere Sichtbarkeit (an der Vorderseite, Seitentaschen und Schultergurten)<\/p>\n<p>Lieferumfang: 1 Schulranzen, 1 Federm\u00e4ppchen (ungef\u00fcllt), 1 Schlamperm\u00e4ppchen, 1 Turnbeutel, 3 Patchies, 1 Stundenplan, 1 Schl\u00fcsselanh\u00e4nger<br \/>Funktionalit\u00e4t:&nbsp;Ergonomisches Schulranzen-Set f\u00fcr die Grundschule, von 1. bis 3. &#8211; Klasse<br \/>Altersepfehlung: zwischen 6 und 9 Jahren<br \/>Sehr leicht: wiegt nur 1015-1065 g<br \/>Ma\u00dfe: 37 x 21 x 30 cm \/ Volumen: 19 L<br \/>Material: Polyester, wasserabweisend<br \/>Ausstattung: Brustgurt, f\u00fcr DIN A4<br \/>Verschlussart: Fidlock Magnetschloss<br \/>Verschiedene Griffe: ein langlebiger und robuster Stoffgriff mit Polsterung und ein Stoffgriff zum Aufh\u00e4ngen des Ranzens im Klassenzimmer &nbsp;<\/p>\n<p>Achtung: Nicht f\u00fcr Kinder unter 36 Monaten geeignet wegen verschluckbarer Kleinteile, Erstickungsgefahr.<br \/>Achtung: Strangulationsgefahr durch lange Seile.<\/p>\n","protected":false},"excerpt":{"rendered":"<p>Rucksack Classy Plus ergonomisches Schulranzen-Set 5-teilig &#8222;Ice Blue&#8220; mit Brustgurt, Magnetverschluss, Patch Set 3 St\u00fcck<\/p>\n","protected":false},"featured_media":19439,"comment_status":"closed","ping_status":"open","template":"","meta":[],"product_brand":[],"product_cat":[562],"product_tag":[],"class_list":{"0":"post-19438","1":"product","2":"type-product","3":"status-publish","4":"has-post-thumbnail","6":"product_cat-jungen","8":"first","9":"instock","10":"shipping-taxable","11":"purchasable","12":"product-type-simple"},"_links":{"self":[{"href":"https:\/\/9play.de\/shop\/wp-json\/wp\/v2\/product\/19438","targetHints":{"allow":["GET"]}}],"collection":[{"href":"https:\/\/9play.de\/shop\/wp-json\/wp\/v2\/product"}],"about":[{"href":"https:\/\/9play.de\/shop\/wp-json\/wp\/v2\/types\/product"}],"replies":[{"embeddable":true,"href":"https:\/\/9play.de\/shop\/wp-json\/wp\/v2\/comments?post=19438"}],"wp:featuredmedia":[{"embeddable":true,"href":"https:\/\/9play.de\/shop\/wp-json\/wp\/v2\/media\/19439"}],"wp:attachment":[{"href":"https:\/\/9play.de\/shop\/wp-json\/wp\/v2\/media?parent=19438"}],"wp:term":[{"taxonomy":"product_brand","embeddable":true,"href":"https:\/\/9play.de\/shop\/wp-json\/wp\/v2\/product_brand?post=19438"},{"taxonomy":"product_cat","embeddable":true,"href":"https:\/\/9play.de\/shop\/wp-json\/wp\/v2\/product_cat?post=19438"},{"taxonomy":"product_tag","embeddable":true,"href":"https:\/\/9play.de\/shop\/wp-json\/wp\/v2\/product_tag?post=19438"}],"curies":[{"name":"wp","href":"https:\/\/api.w.org\/{rel}","templated":true}]}}