{"id":19582,"date":"2024-10-06T18:49:20","date_gmt":"2024-10-06T16:49:20","guid":{"rendered":"https:\/\/9play.de\/shop\/produkt\/rucksack-compact-ergonomisches-schulranzen-set-4-teilig-moonless-night\/"},"modified":"2024-10-06T18:49:52","modified_gmt":"2024-10-06T16:49:52","slug":"rucksack-compact-ergonomisches-schulranzen-set-4-teilig-moonless-night","status":"publish","type":"product","link":"https:\/\/9play.de\/shop\/produkt\/rucksack-compact-ergonomisches-schulranzen-set-4-teilig-moonless-night\/","title":{"rendered":"Rucksack Compact ergonomisches Schulranzen-Set 4-teilig Moonless Night"},"content":{"rendered":"<p>COMPACT SET (405-41\/AG\/S)<br \/>Schulranzen-Set enth\u00e4lt: &#8211; 1 Schulranzen &#8211; 1 Federm\u00e4ppchen (ungef\u00fcllt) &#8211; 1 Schlamperm\u00e4ppchen &#8211; 1 Turnbeutel &#8211; 1 Stundenplan &#8211; 1 Schl\u00fcsselanh\u00e4nger<\/p>\n<p>FUNKTIONALIT\u00c4T:<br \/>&#8211; Durch seine Gr\u00f6\u00dfe ist er geeignet von der 1. bis zur 4. Klasse<br \/>&#8211; Ma\u00dfe: 37 x 30.50 x 19 cm<br \/>&#8211; Volumen: 19 L<br \/>&#8211; Gewicht: ca. 1000-1060 g<br \/>&#8211; Material: Polyester, wasserdicht<br \/>&#8211; Ausstattung: Brustgurt, f\u00fcr DIN A4<br \/>&#8211; Verschlussart: Fidlock Magnetverschluss<br \/>&#8211; Verschiedene Griffe: ein langlebiger und robuster Stoffgriff mit Polsterung und ein Stoffgriff zum Aufh\u00e4ngen des Ranzens im Klassenzimmer<\/p>\n<p>INNENF\u00c4CHER<br \/>&#8211; Volumen: 20 L<br \/>&#8211; Zwei Seitentaschen<br \/>&#8211; geeignet zum Verstauen einer Wasserflasche (0,7 L) und einem Regenschirm<br \/>&#8211; Fronttasche bietet gen\u00fcgend Platz f\u00fcr Federm\u00e4ppchen<br \/>&#8211; Drei Trennw\u00e4nde innen, um alles an seinem Platz und organisiert zu halten (A4 Format)<br \/>&#8211; Stundenplan auf der Vorderseite<\/p>\n<p>ERGONOMIE:<br \/>&#8211; Ergonomische Form und atmungsaktive R\u00fcckenpolsterung sorgen daf\u00fcr, dass der Druck auf den R\u00fccken der Kinder minimiert wird<br \/>&#8211; Bequeme, S-f\u00f6rmige Schultergurte, die an zwei Punkten verstellbar sind: oben und unten f\u00fcr die perfekte Passform<br \/>&#8211; Gut gepolsterte R\u00fcckwand sorgt f\u00fcr angenehmen Tragekomfort<br \/>&#8211; verstellbarer Brustgurt<br \/>&#8211; \u201eGepr\u00fcft &amp; empfohlen\u201c der Aktion Gesunder R\u00fccken e.V., AGR<\/p>\n<p>HALTBARKEIT:<br \/>&#8211; Verst\u00e4rkung an allen Seiten<br \/>&#8211; Der starke Unterboden aus Kunststoff dient einem dreifachen Zweck: sichert Stabilit\u00e4t, weist Schmutz ab und sorgt f\u00fcr die Langlebigkeit der Tasche<br \/>&#8211; Hergestellt aus wasserdichten Polyesterstoffen<\/p>\n<p>DESIGN:<br \/>&#8211; Lebendige und bunte Motive<br \/>&#8211; Ausf\u00fchrliche Stickerei und Applikation<br \/>&#8211; Entworfen und hergestellt in Europa<\/p>\n<p>SICHERHEIT:<br \/>&#8211; Reflektierende Elemente an allen Seiten des Ranzens f\u00fcr bessere Sichtbarkeit<\/p>\n<p>Kurzbeschreibung<br \/>&#8211; Schulranzen-Set 4 tlg. mit Brustgurt, Magnetverschluss, geeignet von der 1. &#8211; 4. Klasse<br \/>&#8211; Brustgurt und H\u00fcftgurt \/ Ergonomisches Design<br \/>&#8211; \u201eGepr\u00fcft &amp; empfohlen\u201c der Aktion Gesunder R\u00fccken e.V., AGR<br \/>&#8211; Fidlock Magnetverschluss, leichtes \u00f6ffnen garantiert<br \/>&#8211; Ma\u00dfe: 37 x 30 x 19 cm \/ 19 L<br \/>&#8211; ca. 1000-1060 g<br \/>&#8211; Entworfen und hergestellt in Europa<\/p>\n<p>Alter: 6 &#8211; 9 Jahre<br \/>Ma\u00dfe: 37 x 30.50 x 19 cm<br \/>Gewicht: ca. 1000-1060 g<br \/>Schulranzen-Set enth\u00e4lt: &#8211; 1 Schulranzen &#8211; 1 Federm\u00e4ppchen (ungef\u00fcllt) &#8211; 1 Schlamperm\u00e4ppchen &#8211; 1 Turnbeutel &#8211; 1 Stundenplan &#8211; 1 Schl\u00fcsselanh\u00e4nger<\/p>\n<p>Achtung: Nicht f\u00fcr Kinder unter 36 Monaten geeignet wegen verschluckbarer Kleinteile, Erstickungsgefahr.<br \/>Achtung: Strangulationsgefahr durch lange Seile.<\/p>\n","protected":false},"excerpt":{"rendered":"<p>Rucksack Compact ergonomisches Schulranzen-Set 4-teilig &#8222;Moonless Night&#8220; mit Brustgurt, Magnetverschluss<\/p>\n","protected":false},"featured_media":19583,"comment_status":"closed","ping_status":"open","template":"","meta":[],"product_brand":[],"product_cat":[562],"product_tag":[],"class_list":{"0":"post-19582","1":"product","2":"type-product","3":"status-publish","4":"has-post-thumbnail","6":"product_cat-jungen","8":"first","9":"instock","10":"shipping-taxable","11":"purchasable","12":"product-type-simple"},"_links":{"self":[{"href":"https:\/\/9play.de\/shop\/wp-json\/wp\/v2\/product\/19582","targetHints":{"allow":["GET"]}}],"collection":[{"href":"https:\/\/9play.de\/shop\/wp-json\/wp\/v2\/product"}],"about":[{"href":"https:\/\/9play.de\/shop\/wp-json\/wp\/v2\/types\/product"}],"replies":[{"embeddable":true,"href":"https:\/\/9play.de\/shop\/wp-json\/wp\/v2\/comments?post=19582"}],"wp:featuredmedia":[{"embeddable":true,"href":"https:\/\/9play.de\/shop\/wp-json\/wp\/v2\/media\/19583"}],"wp:attachment":[{"href":"https:\/\/9play.de\/shop\/wp-json\/wp\/v2\/media?parent=19582"}],"wp:term":[{"taxonomy":"product_brand","embeddable":true,"href":"https:\/\/9play.de\/shop\/wp-json\/wp\/v2\/product_brand?post=19582"},{"taxonomy":"product_cat","embeddable":true,"href":"https:\/\/9play.de\/shop\/wp-json\/wp\/v2\/product_cat?post=19582"},{"taxonomy":"product_tag","embeddable":true,"href":"https:\/\/9play.de\/shop\/wp-json\/wp\/v2\/product_tag?post=19582"}],"curies":[{"name":"wp","href":"https:\/\/api.w.org\/{rel}","templated":true}]}}