{"id":20608,"date":"2024-10-06T20:27:16","date_gmt":"2024-10-06T18:27:16","guid":{"rendered":"https:\/\/9play.de\/shop\/produkt\/kiddy-plus-kindergartenrucksack-foxy-dream-3-6-jaehrige-kinder-rucksack\/"},"modified":"2024-10-06T20:27:34","modified_gmt":"2024-10-06T18:27:34","slug":"kiddy-plus-kindergartenrucksack-foxy-dream-3-6-jaehrige-kinder-rucksack","status":"publish","type":"product","link":"https:\/\/9play.de\/shop\/produkt\/kiddy-plus-kindergartenrucksack-foxy-dream-3-6-jaehrige-kinder-rucksack\/","title":{"rendered":"Kiddy Plus Kindergartenrucksack Foxy Dream 3-6 J\u00e4hrige Kinder Rucksack"},"content":{"rendered":"<p>Kiddy Plus Kindergarten Rucksack f\u00fcr 3-6 Jahren &#8222;Kiddy Plus&#8220; wurde entworfen um der perfekte Begleiter f\u00fcr Vorschulkinder im Kindergarten, f\u00fcr Outdoor Aktivit\u00e4ten und f\u00fcr Reisen zu sein.<br \/>Er wurde hergestellt aus leichten aber robusten und wasserdichten Materialien, dabei wiegt er nur ca. 300-330 g.<br \/>Diese Tasche kann in der Waschmaschine gewaschen werden.<br \/>Ein Handgriff, gro\u00df genug, dass auch Eltern diesen Rucksack angenehm tragen und halten k\u00f6nnen.<\/p>\n<p>FUNKTIONALIT\u00c4T:<br \/>&#8211; Der ideale Rucksack f\u00fcr Kinder ab 3 Jahren.<br \/>&#8211; Egal ob auf Reisen oder f\u00fcr den Kindergarten, Belmil Kiddy Plus ist eine gute Wahl<br \/>&#8211; Ausreichend Platz f\u00fcr Spielsachen, kleine Decken und \/oder eine Pausenbrotbox<br \/>&#8211; Dank dem verstellbaren Brustgurt verrutscht der Rucksack nicht auf den zarten Kinderr\u00fccken.<\/p>\n<p>HALTBARKEIT:<br \/>&#8211; Verst\u00e4rkung an allen Seiten<br \/>&#8211; Hergestellt mit robusten Rei\u00dfverschl\u00fcssen, die sich auch von kleinen Kinderh\u00e4nden leicht \u00f6ffnen und schlie\u00dfen lassen.<br \/>&#8211; Hergestellt aus wasserdichtem Polyesterstoffen<\/p>\n<p>INNENF\u00c4CHER:<br \/>&#8211; Die Seitentaschen k\u00f6nnen eine Wasserflasche (bis 0,5 l) und einen kleinen Regenschirm halten.<br \/>&#8211; Das gro\u00dfe Fach bietet Platz f\u00fcr all die Kuscheltiere, Kuscheldecken oder Kleidung.<br \/>&#8211; Das vordere Fach eignet sich ideal dazu, die Lunchbox zu verstauen oder auch ein Federm\u00e4ppchen.<br \/>&#8211; Im Innenfutter ist ein cooler Name eingedruckt.<\/p>\n<p>KOMFORT:<br \/>&#8211; An der R\u00fcckseite befinden sich super weiche R\u00fcckenpolster, um ein noch angenehmeres Tragegef\u00fchl zu schaffen.<br \/>&#8211; Brustgurt f\u00fcr mehr Stabilit\u00e4t<br \/>&#8211; Die gepolsterten Schultergurte sind einfach in der L\u00e4nge zu verstellen, somit passen sie sich perfekt an den R\u00fccken des Kleinkindes an.<\/p>\n<p>SICHERHEIT:<br \/>&#8211; Die reflektierenden Elemente verbessern die Sichtbarkeit des Kindes bei Dunkelheit<\/p>\n<p>DESIGN:<br \/>&#8211; Lebendige und bunte Motive<br \/>&#8211; Rucksack als Begleiter f\u00fcr den Kindergarten oder auf Reisen<br \/>&#8211; Gepolstertes R\u00fcckenpanel und verstellbare Schultergurte mit Brustgurt und Namensschild<br \/>&#8211; Entworfen und hergestellt in Europa<\/p>\n<p>Empfohlenes Alter: 3-6<br \/>Ma\u00dfe: 33 x 23 x 13 cm<br \/>Gewicht: 300-330 g<br \/>Material: Wasserdichter Polyester<br \/>Volumen: 12 L<\/p>\n<p>Achtung: Nicht f\u00fcr Kinder unter 36 Monaten geeignet wegen verschluckbarer Kleinteile, Erstickungsgefahr.<br \/>Achtung: Strangulationsgefahr durch lange Seile.<\/p>\n","protected":false},"excerpt":{"rendered":"<p>Belmil Kiddy Plus Kindergartenrucksack &#8222;Foxy Dream&#8220; f\u00fcr 3-6 J\u00e4hrige Kinder mit Brustgurt<\/p>\n","protected":false},"featured_media":20609,"comment_status":"closed","ping_status":"open","template":"","meta":[],"product_brand":[],"product_cat":[563],"product_tag":[],"class_list":{"0":"post-20608","1":"product","2":"type-product","3":"status-publish","4":"has-post-thumbnail","6":"product_cat-rucksaecke","8":"first","9":"instock","10":"shipping-taxable","11":"purchasable","12":"product-type-simple"},"_links":{"self":[{"href":"https:\/\/9play.de\/shop\/wp-json\/wp\/v2\/product\/20608","targetHints":{"allow":["GET"]}}],"collection":[{"href":"https:\/\/9play.de\/shop\/wp-json\/wp\/v2\/product"}],"about":[{"href":"https:\/\/9play.de\/shop\/wp-json\/wp\/v2\/types\/product"}],"replies":[{"embeddable":true,"href":"https:\/\/9play.de\/shop\/wp-json\/wp\/v2\/comments?post=20608"}],"wp:featuredmedia":[{"embeddable":true,"href":"https:\/\/9play.de\/shop\/wp-json\/wp\/v2\/media\/20609"}],"wp:attachment":[{"href":"https:\/\/9play.de\/shop\/wp-json\/wp\/v2\/media?parent=20608"}],"wp:term":[{"taxonomy":"product_brand","embeddable":true,"href":"https:\/\/9play.de\/shop\/wp-json\/wp\/v2\/product_brand?post=20608"},{"taxonomy":"product_cat","embeddable":true,"href":"https:\/\/9play.de\/shop\/wp-json\/wp\/v2\/product_cat?post=20608"},{"taxonomy":"product_tag","embeddable":true,"href":"https:\/\/9play.de\/shop\/wp-json\/wp\/v2\/product_tag?post=20608"}],"curies":[{"name":"wp","href":"https:\/\/api.w.org\/{rel}","templated":true}]}}