{"id":21470,"date":"2024-10-06T20:38:39","date_gmt":"2024-10-06T18:38:39","guid":{"rendered":"https:\/\/9play.de\/shop\/produkt\/snackbox-3tlg-monster-high-lets-eat-brotdose\/"},"modified":"2024-10-06T20:38:58","modified_gmt":"2024-10-06T18:38:58","slug":"snackbox-3tlg-monster-high-lets-eat-brotdose","status":"publish","type":"product","link":"https:\/\/9play.de\/shop\/produkt\/snackbox-3tlg-monster-high-lets-eat-brotdose\/","title":{"rendered":"Snackbox 3tlg. Monster High Let&#8217;s Eat! Brotdose"},"content":{"rendered":"<p>Diese handlichen Snackboxen sind perfekt f\u00fcr unterwegs und bieten Platz f\u00fcr kleine Leckereien und Snacks, die Ihr Kind lieben wird.<br \/>Jede der drei Snackboxen ist aus robustem Kunststoff gefertigt und Gr\u00f6\u00dfte Dose ist ca. 6 x 12 x 12 cm gro\u00df, ideal f\u00fcr kleine H\u00e4nde und Rucks\u00e4cke.<br \/>Die Monster High-Motive auf jeder Box lassen die Herzen kleiner Monster High-Fans h\u00f6herschlagen, wobei jedes Bild ein einzigartiges Design zeigt, das die Lieblingscharaktere der Serie zum Leben erweckt.<br \/>Die Snackboxen schlie\u00dfen sicher und lassen sich leicht zusammenstecken, um eine sichere Aufbewahrung zu gew\u00e4hrleisten.<br \/>Dank ihrer verschiedenen Gr\u00f6\u00dfen bieten sie vielseitige M\u00f6glichkeiten, verschiedene Snacks getrennt zu halten und unterwegs zu genie\u00dfen.<br \/>Ob in der Schule, im Park oder auf Reisen, mit unserem Monster High 3-teiligen Snackbox-Set sind kleine Monster immer bestens versorgt und k\u00f6nnen ihre Lieblingsleckereien stilvoll transportieren.<\/p>\n<p>Lieferumfang: 3x Brotdosen<br \/>Altersempfehlung: ab 3 Jahre<br \/>Gr\u00f6\u00dfe: ca. 6 x 12 x 12 cm (Gr\u00f6\u00dfte Dose)<br \/>Farbe: Mehrfarbig<br \/>Material: Kunststoff<\/p>\n<p>Achtung: Nicht f\u00fcr Kinder unter 36 Monaten geeignet wegen verschluckbarer Kleinteile, Erstickungsgefahr.<\/p>\n","protected":false},"excerpt":{"rendered":"<p>Die Monster High-Motive auf jeder Box lassen die Herzen kleiner Monster High-Fans h\u00f6herschlagen<\/p>\n","protected":false},"featured_media":21471,"comment_status":"closed","ping_status":"open","template":"","meta":[],"product_brand":[],"product_cat":[463],"product_tag":[],"class_list":{"0":"post-21470","1":"product","2":"type-product","3":"status-publish","4":"has-post-thumbnail","6":"product_cat-brotdosen","8":"first","9":"instock","10":"shipping-taxable","11":"purchasable","12":"product-type-simple"},"_links":{"self":[{"href":"https:\/\/9play.de\/shop\/wp-json\/wp\/v2\/product\/21470","targetHints":{"allow":["GET"]}}],"collection":[{"href":"https:\/\/9play.de\/shop\/wp-json\/wp\/v2\/product"}],"about":[{"href":"https:\/\/9play.de\/shop\/wp-json\/wp\/v2\/types\/product"}],"replies":[{"embeddable":true,"href":"https:\/\/9play.de\/shop\/wp-json\/wp\/v2\/comments?post=21470"}],"wp:featuredmedia":[{"embeddable":true,"href":"https:\/\/9play.de\/shop\/wp-json\/wp\/v2\/media\/21471"}],"wp:attachment":[{"href":"https:\/\/9play.de\/shop\/wp-json\/wp\/v2\/media?parent=21470"}],"wp:term":[{"taxonomy":"product_brand","embeddable":true,"href":"https:\/\/9play.de\/shop\/wp-json\/wp\/v2\/product_brand?post=21470"},{"taxonomy":"product_cat","embeddable":true,"href":"https:\/\/9play.de\/shop\/wp-json\/wp\/v2\/product_cat?post=21470"},{"taxonomy":"product_tag","embeddable":true,"href":"https:\/\/9play.de\/shop\/wp-json\/wp\/v2\/product_tag?post=21470"}],"curies":[{"name":"wp","href":"https:\/\/api.w.org\/{rel}","templated":true}]}}