{"id":21782,"date":"2024-10-06T20:43:03","date_gmt":"2024-10-06T18:43:03","guid":{"rendered":"https:\/\/9play.de\/shop\/produkt\/kuechenzeile-kinderkueche-aus-holz-modern-weiss-holzkueche-holzspielzeug\/"},"modified":"2024-10-06T20:43:26","modified_gmt":"2024-10-06T18:43:26","slug":"kuechenzeile-kinderkueche-aus-holz-modern-weiss-holzkueche-holzspielzeug","status":"publish","type":"product","link":"https:\/\/9play.de\/shop\/produkt\/kuechenzeile-kinderkueche-aus-holz-modern-weiss-holzkueche-holzspielzeug\/","title":{"rendered":"K\u00fcchenzeile Kinderk\u00fcche aus Holz Modern Wei\u00df Holzk\u00fcche Holzspielzeug"},"content":{"rendered":"<p>Die wei\u00dfe Kinderk\u00fcche von New Classic Toys ist mit allem notwendigen Zubeh\u00f6r ausgestattet, um kleine K\u00fcchenchefs und -chefinnen stundenlang zu besch\u00e4ftigen.<br \/>Enthalten sind eine Pfanne mit Deckel, ein Kochtopf, drei Kochl\u00f6ffel sowie Salz- und Pfefferstreuer.<br \/>Die K\u00fcche verf\u00fcgt \u00fcber zwei Kochplatten mit Drehkn\u00f6pfen, einen Schrank, einen Ofen mit transparenter T\u00fcr, einen Wasserhahn und eine abnehmbare Metallsp\u00fcle.<br \/>Diese hochwertige Holzk\u00fcche aus der Bon Appetit Produktlinie von New Classic Toys l\u00e4dt zum Schneiden, Backen, Kochen und gemeinsamen Essen ein.<br \/>Das Set ist ein absolutes Muss f\u00fcr kleine K\u00fcchenprinzessinnen und Prinzen.<br \/>Inklusive Zubeh\u00f6r<\/p>\n<p>Altersangabe: 36M +<br \/>Gr\u00f6\u00dfe: 57 x 17 x 33 cm<br \/>Material: Holz<\/p>\n<p>Achtung! Nicht geeignet f\u00fcr Kinder unter 3 Jahren. Enth\u00e4lt verschluckbare Kleinteile.<\/p>\n","protected":false},"excerpt":{"rendered":"<p>Kinderk\u00fcche aus Holz Modern in Wei\u00df!<\/p>\n","protected":false},"featured_media":21783,"comment_status":"closed","ping_status":"open","template":"","meta":[],"product_brand":[],"product_cat":[567],"product_tag":[],"class_list":{"0":"post-21782","1":"product","2":"type-product","3":"status-publish","4":"has-post-thumbnail","6":"product_cat-holzspielzeug","8":"first","9":"instock","10":"shipping-taxable","11":"purchasable","12":"product-type-simple"},"_links":{"self":[{"href":"https:\/\/9play.de\/shop\/wp-json\/wp\/v2\/product\/21782","targetHints":{"allow":["GET"]}}],"collection":[{"href":"https:\/\/9play.de\/shop\/wp-json\/wp\/v2\/product"}],"about":[{"href":"https:\/\/9play.de\/shop\/wp-json\/wp\/v2\/types\/product"}],"replies":[{"embeddable":true,"href":"https:\/\/9play.de\/shop\/wp-json\/wp\/v2\/comments?post=21782"}],"wp:featuredmedia":[{"embeddable":true,"href":"https:\/\/9play.de\/shop\/wp-json\/wp\/v2\/media\/21783"}],"wp:attachment":[{"href":"https:\/\/9play.de\/shop\/wp-json\/wp\/v2\/media?parent=21782"}],"wp:term":[{"taxonomy":"product_brand","embeddable":true,"href":"https:\/\/9play.de\/shop\/wp-json\/wp\/v2\/product_brand?post=21782"},{"taxonomy":"product_cat","embeddable":true,"href":"https:\/\/9play.de\/shop\/wp-json\/wp\/v2\/product_cat?post=21782"},{"taxonomy":"product_tag","embeddable":true,"href":"https:\/\/9play.de\/shop\/wp-json\/wp\/v2\/product_tag?post=21782"}],"curies":[{"name":"wp","href":"https:\/\/api.w.org\/{rel}","templated":true}]}}