{"id":21947,"date":"2024-10-06T20:45:12","date_gmt":"2024-10-06T18:45:12","guid":{"rendered":"https:\/\/9play.de\/shop\/produkt\/waeschestaender-aus-holz-fuer-kinder-mit-waeschenklammern-und-waescheleine\/"},"modified":"2024-10-06T20:45:53","modified_gmt":"2024-10-06T18:45:53","slug":"waeschestaender-aus-holz-fuer-kinder-mit-waeschenklammern-und-waescheleine","status":"publish","type":"product","link":"https:\/\/9play.de\/shop\/produkt\/waeschestaender-aus-holz-fuer-kinder-mit-waeschenklammern-und-waescheleine\/","title":{"rendered":"W\u00e4schest\u00e4nder aus Holz f\u00fcr Kinder mit W\u00e4schenklammern und W\u00e4scheleine"},"content":{"rendered":"<p>Bringen Sie Ihren Kleinen spielerisch die Hausarbeit bei mit diesem entz\u00fcckenden W\u00e4schest\u00e4nder aus Holz von New Classic Toys.<\/p>\n<p>Das Set enth\u00e4lt einen robusten Holz-W\u00e4schest\u00e4nder sowie eine W\u00e4scheleine und W\u00e4scheklammern, damit Ihre kleinen Helfer ihre eigenen Mini-W\u00e4schest\u00fccke aufh\u00e4ngen k\u00f6nnen.<br \/>Dieses Spielzeug f\u00f6rdert nicht nur die Feinmotorik und Hand-Augen-Koordination, sondern lehrt auch Verantwortung und hilft dabei, t\u00e4gliche Aufgaben spielerisch zu erlernen.<br \/>Produktdetails: Robuster Holz-W\u00e4schest\u00e4nder f\u00fcr Kinder Enth\u00e4lt eine W\u00e4scheleine und W\u00e4scheklammern F\u00f6rdert die Feinmotorik und Hand-Augen-Koordination Lehrt Verantwortung und t\u00e4gliche Aufgaben spielerisch Material: Holz Geeignet f\u00fcr Kinder ab 3 Jahren.<br \/>Mit dem W\u00e4schest\u00e4nder aus Holz von New Classic Toys k\u00f6nnen Ihre Kinder in die Welt der Hausarbeit eintauchen und dabei jede Menge Spa\u00df haben!<\/p>\n<p>Altersangabe: 36M +<br \/>Gr\u00f6\u00dfe: 31 x 9,5 x 72 cm<br \/>Material: Holz<\/p>\n<p>Achtung! Nicht geeignet f\u00fcr Kinder unter 3 Jahren. Enth\u00e4lt verschluckbare Kleinteile.<\/p>\n","protected":false},"excerpt":{"rendered":"<p>W\u00e4schest\u00e4nder aus Holz f\u00fcr Kinder!<\/p>\n","protected":false},"featured_media":21948,"comment_status":"closed","ping_status":"open","template":"","meta":[],"product_brand":[],"product_cat":[567],"product_tag":[],"class_list":{"0":"post-21947","1":"product","2":"type-product","3":"status-publish","4":"has-post-thumbnail","6":"product_cat-holzspielzeug","8":"first","9":"instock","10":"shipping-taxable","11":"purchasable","12":"product-type-simple"},"_links":{"self":[{"href":"https:\/\/9play.de\/shop\/wp-json\/wp\/v2\/product\/21947","targetHints":{"allow":["GET"]}}],"collection":[{"href":"https:\/\/9play.de\/shop\/wp-json\/wp\/v2\/product"}],"about":[{"href":"https:\/\/9play.de\/shop\/wp-json\/wp\/v2\/types\/product"}],"replies":[{"embeddable":true,"href":"https:\/\/9play.de\/shop\/wp-json\/wp\/v2\/comments?post=21947"}],"wp:featuredmedia":[{"embeddable":true,"href":"https:\/\/9play.de\/shop\/wp-json\/wp\/v2\/media\/21948"}],"wp:attachment":[{"href":"https:\/\/9play.de\/shop\/wp-json\/wp\/v2\/media?parent=21947"}],"wp:term":[{"taxonomy":"product_brand","embeddable":true,"href":"https:\/\/9play.de\/shop\/wp-json\/wp\/v2\/product_brand?post=21947"},{"taxonomy":"product_cat","embeddable":true,"href":"https:\/\/9play.de\/shop\/wp-json\/wp\/v2\/product_cat?post=21947"},{"taxonomy":"product_tag","embeddable":true,"href":"https:\/\/9play.de\/shop\/wp-json\/wp\/v2\/product_tag?post=21947"}],"curies":[{"name":"wp","href":"https:\/\/api.w.org\/{rel}","templated":true}]}}